CRAN Package Check Results for Package missingHE

Last updated on 2021-09-20 07:50:45 CEST.

Flavor Version Tinstall Tcheck Ttotal Status Flags
r-devel-linux-x86_64-debian-clang 1.4.1 22.92 332.15 355.07 OK
r-devel-linux-x86_64-debian-gcc 1.4.1 18.55 241.47 260.02 OK
r-devel-linux-x86_64-fedora-clang 1.4.1 406.84 NOTE
r-devel-linux-x86_64-fedora-gcc 1.4.1 401.73 NOTE
r-devel-windows-x86_64 1.4.1 27.00 272.00 299.00 OK
r-devel-windows-x86_64-gcc10-UCRT 1.4.1 ERROR
r-patched-linux-x86_64 1.4.1 25.74 316.22 341.96 OK
r-patched-solaris-x86 1.4.1 246.10 NOTE
r-release-linux-x86_64 1.4.1 20.28 319.68 339.96 OK
r-release-macos-arm64 1.4.1 NOTE
r-release-macos-x86_64 1.4.1 NOTE
r-release-windows-ix86+x86_64 1.4.1 42.00 281.00 323.00 OK
r-oldrel-macos-x86_64 1.4.1 NOTE
r-oldrel-windows-ix86+x86_64 1.4.1 41.00 274.00 315.00 OK

Check Details

Version: 1.4.1
Check: dependencies in R code
Result: NOTE
    Namespace in Imports field not imported from: ‘mcmcr’
     All declared Imports should be used.
Flavors: r-devel-linux-x86_64-fedora-clang, r-devel-linux-x86_64-fedora-gcc, r-devel-windows-x86_64-gcc10-UCRT, r-patched-solaris-x86, r-release-macos-arm64, r-release-macos-x86_64, r-oldrel-macos-x86_64

Version: 1.4.1
Check: whether package can be installed
Result: WARN
    Found the following significant warnings:
     WARNING: installation-time patches will not be applied, could not get the patches index
Flavor: r-devel-windows-x86_64-gcc10-UCRT

Version: 1.4.1
Check: PDF version of manual
Result: WARN
    LaTeX errors when creating PDF version.
    This typically indicates Rd problems.
Flavor: r-devel-windows-x86_64-gcc10-UCRT

Version: 1.4.1
Check: PDF version of manual without hyperrefs or index
Result: ERROR
    Re-running with no redirection of stdout/stderr.
Flavor: r-devel-windows-x86_64-gcc10-UCRT