CRAN Package Check Results for Package mixedMem

Last updated on 2021-09-22 06:48:35 CEST.

Flavor Version Tinstall Tcheck Ttotal Status Flags
r-devel-linux-x86_64-debian-clang 1.1.2 183.98 81.82 265.80 OK
r-devel-linux-x86_64-debian-gcc 1.1.2 117.36 61.26 178.62 OK
r-devel-linux-x86_64-fedora-clang 1.1.2 388.06 OK
r-devel-linux-x86_64-fedora-gcc 1.1.2 334.84 OK
r-devel-windows-x86_64 1.1.2 170.00 85.00 255.00 OK
r-devel-windows-x86_64-gcc10-UCRT 1.1.2 ERROR
r-patched-linux-x86_64 1.1.2 136.17 73.56 209.73 OK
r-patched-solaris-x86 1.1.2 322.80 OK
r-release-linux-x86_64 1.1.2 144.17 73.38 217.55 OK
r-release-macos-arm64 1.1.2 NOTE
r-release-macos-x86_64 1.1.2 OK
r-release-windows-ix86+x86_64 1.1.2 441.00 113.00 554.00 OK
r-oldrel-macos-x86_64 1.1.2 OK
r-oldrel-windows-ix86+x86_64 1.1.2 428.00 106.00 534.00 OK

Check Details

Version: 1.1.2
Check: whether package can be installed
Result: ERROR
    Installation failed.
Flavor: r-devel-windows-x86_64-gcc10-UCRT

Version: 1.1.2
Check: installed package size
Result: NOTE
     installed size is 5.4Mb
     sub-directories of 1Mb or more:
     libs 4.8Mb
Flavor: r-release-macos-arm64