CRAN Package Check Results for Package mixsqp

Last updated on 2021-09-21 06:48:35 CEST.

Flavor Version Tinstall Tcheck Ttotal Status Flags
r-devel-linux-x86_64-debian-clang 0.3-43 93.29 120.38 213.67 OK
r-devel-linux-x86_64-debian-gcc 0.3-43 56.01 83.94 139.95 OK
r-devel-linux-x86_64-fedora-clang 0.3-43 265.94 OK
r-devel-linux-x86_64-fedora-gcc 0.3-43 233.37 OK
r-devel-windows-x86_64 0.3-43 78.00 111.00 189.00 OK
r-devel-windows-x86_64-gcc10-UCRT 0.3-43 ERROR
r-patched-linux-x86_64 0.3-43 72.35 106.21 178.56 OK
r-patched-solaris-x86 0.3-43 334.30 NOTE
r-release-linux-x86_64 0.3-43 68.21 105.36 173.57 OK
r-release-macos-arm64 0.3-43 OK
r-release-macos-x86_64 0.3-43 OK
r-release-windows-ix86+x86_64 0.3-43 194.00 144.00 338.00 OK
r-oldrel-macos-x86_64 0.3-43 OK
r-oldrel-windows-ix86+x86_64 0.3-43 191.00 137.00 328.00 OK

Check Details

Version: 0.3-43
Check: whether package can be installed
Result: ERROR
    Installation failed.
Flavor: r-devel-windows-x86_64-gcc10-UCRT

Version: 0.3-43
Check: package dependencies
Result: NOTE
    Packages suggested but not available for checking: 'REBayes', 'Rmosek'
Flavor: r-patched-solaris-x86