CRAN Package Check Results for Package mlr3viz

Last updated on 2021-09-21 06:48:35 CEST.

Flavor Version Tinstall Tcheck Ttotal Status Flags
r-devel-linux-x86_64-debian-clang 0.5.6 6.17 196.76 202.93 OK
r-devel-linux-x86_64-debian-gcc 0.5.6 4.53 138.48 143.01 OK
r-devel-linux-x86_64-fedora-clang 0.5.6 232.71 OK
r-devel-linux-x86_64-fedora-gcc 0.5.6 214.92 OK
r-devel-windows-x86_64 0.5.6 7.00 139.00 146.00 OK
r-devel-windows-x86_64-gcc10-UCRT 0.5.6 ERROR
r-patched-linux-x86_64 0.5.6 6.98 174.61 181.59 OK
r-patched-solaris-x86 0.5.6 269.20 OK
r-release-linux-x86_64 0.5.6 6.45 173.64 180.09 OK
r-release-macos-arm64 0.5.6 OK
r-release-macos-x86_64 0.5.6 OK
r-release-windows-ix86+x86_64 0.5.6 13.00 166.00 179.00 OK
r-oldrel-macos-x86_64 0.5.6 OK
r-oldrel-windows-ix86+x86_64 0.5.6 15.00 197.00 212.00 OK

Check Details

Version: 0.5.6
Check: whether package can be installed
Result: WARN
    Found the following significant warnings:
     WARNING: installation-time patches will not be applied, could not get the patches index
Flavor: r-devel-windows-x86_64-gcc10-UCRT

Version: 0.5.6
Check: PDF version of manual
Result: WARN
    LaTeX errors when creating PDF version.
    This typically indicates Rd problems.
Flavor: r-devel-windows-x86_64-gcc10-UCRT

Version: 0.5.6
Check: PDF version of manual without hyperrefs or index
Result: ERROR
    Re-running with no redirection of stdout/stderr.
Flavor: r-devel-windows-x86_64-gcc10-UCRT