CRAN Package Check Results for Package mmapcharr

Last updated on 2021-11-27 09:52:33 CET.

Flavor Version Tinstall Tcheck Ttotal Status Flags
r-devel-linux-x86_64-debian-clang 0.3.0 NOTE
r-devel-linux-x86_64-debian-gcc 0.3.0 23.79 23.01 46.80 NOTE
r-devel-linux-x86_64-fedora-clang 0.3.0 104.64 NOTE
r-devel-linux-x86_64-fedora-gcc 0.3.0 85.81 NOTE
r-devel-windows-x86_64-new-UL 0.3.0 63.00 87.00 150.00 NOTE
r-devel-windows-x86_64-new-TK 0.3.0 NOTE
r-devel-windows-x86_64-old 0.3.0 50.00 62.00 112.00 NOTE
r-patched-linux-x86_64 0.3.0 28.88 27.65 56.53 NOTE
r-patched-solaris-x86 0.3.0 100.10 NOTE
r-release-linux-x86_64 0.3.0 NOTE
r-release-macos-arm64 0.3.0 NOTE
r-release-macos-x86_64 0.3.0 NOTE
r-release-windows-ix86+x86_64 0.3.0 105.00 58.00 163.00 NOTE
r-oldrel-macos-x86_64 0.3.0 OK
r-oldrel-windows-ix86+x86_64 0.3.0 85.00 75.00 160.00 OK

Check Details

Version: 0.3.0
Check: LazyData
Result: NOTE
     'LazyData' is specified without a 'data' directory
Flavors: r-devel-linux-x86_64-debian-clang, r-devel-linux-x86_64-debian-gcc, r-devel-linux-x86_64-fedora-clang, r-devel-linux-x86_64-fedora-gcc, r-devel-windows-x86_64-new-UL, r-devel-windows-x86_64-new-TK, r-devel-windows-x86_64-old, r-patched-linux-x86_64, r-patched-solaris-x86, r-release-linux-x86_64, r-release-macos-arm64, r-release-macos-x86_64, r-release-windows-ix86+x86_64