CRAN Package Check Results for Package mniw

Last updated on 2021-09-20 07:50:46 CEST.

Flavor Version Tinstall Tcheck Ttotal Status Flags
r-devel-linux-x86_64-debian-clang 1.0 172.55 90.46 263.01 OK
r-devel-linux-x86_64-debian-gcc 1.0 113.15 72.64 185.79 OK
r-devel-linux-x86_64-fedora-clang 1.0 362.10 NOTE
r-devel-linux-x86_64-fedora-gcc 1.0 329.90 OK
r-devel-windows-x86_64 1.0 141.00 108.00 249.00 OK
r-devel-windows-x86_64-gcc10-UCRT 1.0 ERROR
r-patched-linux-x86_64 1.0 135.20 91.06 226.26 OK
r-patched-solaris-x86 1.0 281.70 OK
r-release-linux-x86_64 1.0 141.56 90.58 232.14 OK
r-release-macos-arm64 1.0 NOTE
r-release-macos-x86_64 1.0 NOTE
r-release-windows-ix86+x86_64 1.0 371.00 159.00 530.00 OK
r-oldrel-macos-x86_64 1.0 NOTE
r-oldrel-windows-ix86+x86_64 1.0 353.00 147.00 500.00 OK

Check Details

Version: 1.0
Check: installed package size
Result: NOTE
     installed size is 15.9Mb
     sub-directories of 1Mb or more:
     libs 15.6Mb
Flavors: r-devel-linux-x86_64-fedora-clang, r-release-macos-arm64, r-release-macos-x86_64, r-oldrel-macos-x86_64

Version: 1.0
Check: whether package can be installed
Result: ERROR
    Installation failed.
Flavor: r-devel-windows-x86_64-gcc10-UCRT