CRAN Package Check Results for Package mnlfa

Last updated on 2021-10-22 12:59:20 CEST.

Flavor Version Tinstall Tcheck Ttotal Status Flags
r-devel-linux-x86_64-debian-clang 0.1-53 20.67 33.64 54.31 OK
r-devel-linux-x86_64-debian-gcc 0.1-53 17.37 26.19 43.56 OK
r-devel-linux-x86_64-fedora-clang 0.1-53 90.37 OK
r-devel-linux-x86_64-fedora-gcc 0.1-53 73.92 OK
r-devel-windows-x86_64 0.1-53 37.00 63.00 100.00 OK
r-devel-windows-x86_64-gcc10-UCRT 0.1-53 OK
r-patched-linux-x86_64 0.1-53 20.56 33.36 53.92 OK
r-patched-solaris-x86 0.1-53 90.90 OK
r-release-linux-x86_64 0.1-53 20.62 33.08 53.70 OK
r-release-macos-arm64 0.1-53 OK
r-release-macos-x86_64 0.1-53 NOTE
r-release-windows-ix86+x86_64 0.1-53 51.00 89.00 140.00 OK
r-oldrel-macos-x86_64 0.1-53 OK
r-oldrel-windows-ix86+x86_64 0.1-53 65.00 97.00 162.00 OK

Check Details

Version: 0.1-53
Check: package dependencies
Result: NOTE
    Package which this enhances but not available for checking: ‘aMNLFA’
Flavor: r-release-macos-x86_64