CRAN Package Check Results for Package modelbased

Last updated on 2021-09-21 06:48:35 CEST.

Flavor Version Tinstall Tcheck Ttotal Status Flags
r-devel-linux-x86_64-debian-clang 0.7.0 4.80 332.76 337.56 OK
r-devel-linux-x86_64-debian-gcc 0.7.0 4.22 311.22 315.44 OK
r-devel-linux-x86_64-fedora-clang 0.7.0 447.95 NOTE
r-devel-linux-x86_64-fedora-gcc 0.7.0 409.04 NOTE
r-devel-windows-x86_64 0.7.0 10.00 263.00 273.00 OK
r-devel-windows-x86_64-gcc10-UCRT 0.7.0 ERROR
r-patched-linux-x86_64 0.7.0 4.52 384.33 388.85 OK
r-patched-solaris-x86 0.7.0 782.30 NOTE
r-release-linux-x86_64 0.7.0 5.51 386.83 392.34 OK
r-release-macos-arm64 0.7.0 NOTE
r-release-macos-x86_64 0.7.0 NOTE
r-release-windows-ix86+x86_64 0.7.0 19.00 266.00 285.00 OK
r-oldrel-macos-x86_64 0.7.0 NOTE
r-oldrel-windows-ix86+x86_64 0.7.0 19.00 249.00 268.00 OK

Check Details

Version: 0.7.0
Check: dependencies in R code
Result: NOTE
    Namespace in Imports field not imported from: ‘graphics’
     All declared Imports should be used.
Flavors: r-devel-linux-x86_64-fedora-clang, r-devel-linux-x86_64-fedora-gcc, r-devel-windows-x86_64-gcc10-UCRT, r-patched-solaris-x86, r-release-macos-arm64, r-release-macos-x86_64, r-oldrel-macos-x86_64

Version: 0.7.0
Check: whether package can be installed
Result: WARN
    Found the following significant warnings:
     WARNING: installation-time patches will not be applied, could not get the patches index
Flavor: r-devel-windows-x86_64-gcc10-UCRT

Version: 0.7.0
Check: PDF version of manual
Result: WARN
    LaTeX errors when creating PDF version.
    This typically indicates Rd problems.
Flavor: r-devel-windows-x86_64-gcc10-UCRT

Version: 0.7.0
Check: PDF version of manual without hyperrefs or index
Result: ERROR
    Re-running with no redirection of stdout/stderr.
Flavor: r-devel-windows-x86_64-gcc10-UCRT

Version: 0.7.0
Check: package dependencies
Result: NOTE
    Package suggested but not available for checking: ‘glmmTMB’
Flavor: r-patched-solaris-x86