CRAN Package Check Results for Package modelsummary

Last updated on 2021-09-27 06:48:29 CEST.

Flavor Version Tinstall Tcheck Ttotal Status Flags
r-devel-linux-x86_64-debian-clang 0.9.1 8.61 147.33 155.94 ERROR
r-devel-linux-x86_64-debian-gcc 0.9.1 6.25 103.81 110.06 ERROR
r-devel-linux-x86_64-fedora-clang 0.9.1 181.95 ERROR
r-devel-linux-x86_64-fedora-gcc 0.9.1 172.92 ERROR
r-devel-windows-x86_64 0.9.1 10.00 145.00 155.00 OK
r-devel-windows-x86_64-gcc10-UCRT 0.9.1 OK
r-patched-linux-x86_64 0.9.1 9.85 134.59 144.44 OK
r-patched-solaris-x86 0.9.1 233.00 OK
r-release-linux-x86_64 0.9.1 5.91 134.69 140.60 OK
r-release-macos-arm64 0.9.1 OK
r-release-macos-x86_64 0.9.1 OK
r-release-windows-ix86+x86_64 0.9.1 14.00 148.00 162.00 OK
r-oldrel-macos-x86_64 0.9.1 OK
r-oldrel-windows-ix86+x86_64 0.9.1 10.00 143.00 153.00 OK

Check Details

Version: 0.9.1
Check: tests
Result: ERROR
     Running 'spelling.R' [0s/1s]
     Running 'testthat.R' [91s/106s]
    Running the tests in 'tests/testthat.R' failed.
    Complete output:
     > library(testthat)
     > library(modelsummary)
     >
     > test_check("modelsummary")
     Can't calculate log-loss.
     Can't calculate proper scoring rules for ordinal, multinomial or cumulative link models.
     Can't calculate log-loss.
     Can't calculate proper scoring rules for ordinal, multinomial or cumulative link models.
     == Skipped tests ===============================================================
     * On CRAN (6)
    
     == Failed tests ================================================================
     -- Failure (test-escape.R:19:5): escaped tables --------------------------------
     Results have changed from known value recorded in 'known_output/escape_3.html'.
    
     old[9:16] vs new[9:18]
     "<tbody>"
     " <tr>"
     " <td style=\"text-align:left;\"> (Intercept) </td>"
     - " <td style=\"text-align:center;\"> <U+2212>103.772 </td>"
     - " <td style=\"text-align:center;\"> <U+2212>103.772 </td>"
     + " <td style=\"text-align:center;\"> <u>103.772 </u>"
     + "</td>"
     + " <td style=\"text-align:center;\"> <u>103.772 </u>"
     + "</td>"
     " </tr>"
     " <tr>"
     " <td style=\"text-align:left;\"> </td>"
    
     old[19:26] vs new[21:30]
     " </tr>"
     " <tr>"
     " <td style=\"text-align:left;\"> under_score </td>"
     - " <td style=\"text-align:center;\"> <U+2212>3.899 </td>"
     - " <td style=\"text-align:center;\"> <U+2212>3.899 </td>"
     + " <td style=\"text-align:center;\"> <u>3.899 </u>"
     + "</td>"
     + " <td style=\"text-align:center;\"> <u>3.899 </u>"
     + "</td>"
     " </tr>"
     " <tr>"
     " <td style=\"text-align:left;\"> </td>"
    
     old[74:81] vs new[78:87]
     " </tr>"
     " <tr>"
     " <td style=\"text-align:left;\"> Log.Lik. </td>"
     - " <td style=\"text-align:center;\"> <U+2212>157.443 </td>"
     - " <td style=\"text-align:center;\"> <U+2212>157.443 </td>"
     + " <td style=\"text-align:center;\"> <u>157.443 </u>"
     + "</td>"
     + " <td style=\"text-align:center;\"> <u>157.443 </u>"
     + "</td>"
     " </tr>"
     " <tr>"
     " <td style=\"text-align:left;\"> F </td>"
     -- Failure (test-escape.R:24:5): escaped tables --------------------------------
     Results have changed from known value recorded in 'known_output/escape_4.html'.
    
     old[9:16] vs new[9:18]
     "<tbody>"
     " <tr>"
     " <td style=\"text-align:left;\"> (Intercept) </td>"
     - " <td style=\"text-align:center;\"> <U+2212>103.772 </td>"
     - " <td style=\"text-align:center;\"> <U+2212>103.772 </td>"
     + " <td style=\"text-align:center;\"> <u>103.772 </u>"
     + "</td>"
     + " <td style=\"text-align:center;\"> <u>103.772 </u>"
     + "</td>"
     " </tr>"
     " <tr>"
     " <td style=\"text-align:left;\"> </td>"
    
     old[19:26] vs new[21:30]
     " </tr>"
     " <tr>"
     " <td style=\"text-align:left;\"> under_score </td>"
     - " <td style=\"text-align:center;\"> <U+2212>3.899 </td>"
     - " <td style=\"text-align:center;\"> <U+2212>3.899 </td>"
     + " <td style=\"text-align:center;\"> <u>3.899 </u>"
     + "</td>"
     + " <td style=\"text-align:center;\"> <u>3.899 </u>"
     + "</td>"
     " </tr>"
     " <tr>"
     " <td style=\"text-align:left;\"> </td>"
    
     old[74:81] vs new[78:87]
     " </tr>"
     " <tr>"
     " <td style=\"text-align:left;\"> Log.Lik. </td>"
     - " <td style=\"text-align:center;\"> <U+2212>157.443 </td>"
     - " <td style=\"text-align:center;\"> <U+2212>157.443 </td>"
     + " <td style=\"text-align:center;\"> <u>157.443 </u>"
     + "</td>"
     + " <td style=\"text-align:center;\"> <u>157.443 </u>"
     + "</td>"
     " </tr>"
     " <tr>"
     " <td style=\"text-align:left;\"> F </td>"
     -- Failure (test-escape.R:108:5): datasummary_correlation escape rownames and colnames --
     Results have changed from known value recorded in 'known_output/escape_9.html'.
    
     old[32:38] vs new[32:39]
     " </tr>"
     " <tr>"
     " <td style=\"text-align:left;\"> oh&amp;yeah&lt;sup&gt;2&lt;/sup&gt; </td>"
     - " <td style=\"text-align:right;\"> <U+2212>.85 </td>"
     + " <td style=\"text-align:right;\"> <u>.85 </u>"
     + "</td>"
     " <td style=\"text-align:right;\"> 1 </td>"
     " <td style=\"text-align:right;\"> . </td>"
     " <td style=\"text-align:right;\"> . </td>"
    
     old[46:52] vs new[47:54]
     " </tr>"
     " <tr>"
     " <td style=\"text-align:left;\"> disp </td>"
     - " <td style=\"text-align:right;\"> <U+2212>.85 </td>"
     + " <td style=\"text-align:right;\"> <u>.85 </u>"
     + "</td>"
     " <td style=\"text-align:right;\"> .90 </td>"
     " <td style=\"text-align:right;\"> 1 </td>"
     " <td style=\"text-align:right;\"> . </td>"
    
     old[60:66] vs new[62:69]
     " </tr>"
     " <tr>"
     " <td style=\"text-align:left;\"> hp </td>"
     - " <td style=\"text-align:right;\"> <U+2212>.78 </td>"
     + " <td style=\"text-align:right;\"> <u>.78 </u>"
     + "</td>"
     " <td style=\"text-align:right;\"> .83 </td>"
     " <td style=\"text-align:right;\"> .79 </td>"
     " <td style=\"text-align:right;\"> 1 </td>"
    
     old[75:83] vs new[78:89]
     " <tr>"
     " <td style=\"text-align:left;\"> drat </td>"
     " <td style=\"text-align:right;\"> .68 </td>"
     - " <td style=\"text-align:right;\"> <U+2212>.70 </td>"
     - " <td style=\"text-align:right;\"> <U+2212>.71 </td>"
     - " <td style=\"text-align:right;\"> <U+2212>.45 </td>"
     + " <td style=\"text-align:right;\"> <u>.70 </u>"
     + "</td>"
     + " <td style=\"text-align:right;\"> <u>.71 </u>"
     + "</td>"
     + " <td style=\"text-align:right;\"> <u>.45 </u>"
     + "</td>"
     " <td style=\"text-align:right;\"> 1 </td>"
     " <td style=\"text-align:right;\"> . </td>"
     " <td style=\"text-align:right;\"> . </td>"
    
     old[88:98] vs new[94:106]
     " </tr>"
     " <tr>"
     " <td style=\"text-align:left;\"> wt </td>"
     - " <td style=\"text-align:right;\"> <U+2212>.87 </td>"
     + " <td style=\"text-align:right;\"> <u>.87 </u>"
     + "</td>"
     " <td style=\"text-align:right;\"> .78 </td>"
     " <td style=\"text-align:right;\"> .89 </td>"
     " <td style=\"text-align:right;\"> .66 </td>"
     - " <td style=\"text-align:right;\"> <U+2212>.71 </td>"
     + " <td style=\"text-align:right;\"> <u>.71 </u>"
     + "</td>"
     " <td style=\"text-align:right;\"> 1 </td>"
     " <td style=\"text-align:right;\"> . </td>"
     " <td style=\"text-align:right;\"> . </td>"
    
     old[103:113] vs new[111:125]
     " <tr>"
     " <td style=\"text-align:left;\"> qsec </td>"
     " <td style=\"text-align:right;\"> .42 </td>"
     - " <td style=\"text-align:right;\"> <U+2212>.59 </td>"
     - " <td style=\"text-align:right;\"> <U+2212>.43 </td>"
     - " <td style=\"text-align:right;\"> <U+2212>.71 </td>"
     + " <td style=\"text-align:right;\"> <u>.59 </u>"
     + "</td>"
     + " <td style=\"text-align:right;\"> <u>.43 </u>"
     + "</td>"
     + " <td style=\"text-align:right;\"> <u>.71 </u>"
     + "</td>"
     " <td style=\"text-align:right;\"> .09 </td>"
     - " <td style=\"text-align:right;\"> <U+2212>.17 </td>"
     + " <td style=\"text-align:right;\"> <u>.17 </u>"
     + "</td>"
     " <td style=\"text-align:right;\"> 1 </td>"
     " <td style=\"text-align:right;\"> . </td>"
     " <td style=\"text-align:right;\"> . </td>"
    
     old[117:127] vs new[129:143]
     " <tr>"
     " <td style=\"text-align:left;\"> vs </td>"
     " <td style=\"text-align:right;\"> .66 </td>"
     - " <td style=\"text-align:right;\"> <U+2212>.81 </td>"
     - " <td style=\"text-align:right;\"> <U+2212>.71 </td>"
     - " <td style=\"text-align:right;\"> <U+2212>.72 </td>"
     + " <td style=\"text-align:right;\"> <u>.81 </u>"
     + "</td>"
     + " <td style=\"text-align:right;\"> <u>.71 </u>"
     + "</td>"
     + " <td style=\"text-align:right;\"> <u>.72 </u>"
     + "</td>"
     " <td style=\"text-align:right;\"> .44 </td>"
     - " <td style=\"text-align:right;\"> <U+2212>.55 </td>"
     + " <td style=\"text-align:right;\"> <u>.55 </u>"
     + "</td>"
     " <td style=\"text-align:right;\"> .74 </td>"
     " <td style=\"text-align:right;\"> 1 </td>"
     " <td style=\"text-align:right;\"> . </td>"
    
     old[131:142] vs new[147:163]
     " <tr>"
     " <td style=\"text-align:left;\"> am </td>"
     " <td style=\"text-align:right;\"> .60 </td>"
     - " <td style=\"text-align:right;\"> <U+2212>.52 </td>"
     - " <td style=\"text-align:right;\"> <U+2212>.59 </td>"
     - " <td style=\"text-align:right;\"> <U+2212>.24 </td>"
     + " <td style=\"text-align:right;\"> <u>.52 </u>"
     + "</td>"
     + " <td style=\"text-align:right;\"> <u>.59 </u>"
     + "</td>"
     + " <td style=\"text-align:right;\"> <u>.24 </u>"
     + "</td>"
     " <td style=\"text-align:right;\"> .71 </td>"
     - " <td style=\"text-align:right;\"> <U+2212>.69 </td>"
     - " <td style=\"text-align:right;\"> <U+2212>.23 </td>"
     + " <td style=\"text-align:right;\"> <u>.69 </u>"
     + "</td>"
     + " <td style=\"text-align:right;\"> <u>.23 </u>"
     + "</td>"
     " <td style=\"text-align:right;\"> .17 </td>"
     " <td style=\"text-align:right;\"> 1 </td>"
     " <td style=\"text-align:right;\"> . </td>"
    
     old[145:156] vs new[166:182]
     " <tr>"
     " <td style=\"text-align:left;\"> gear </td>"
     " <td style=\"text-align:right;\"> .48 </td>"
     - " <td style=\"text-align:right;\"> <U+2212>.49 </td>"
     - " <td style=\"text-align:right;\"> <U+2212>.56 </td>"
     - " <td style=\"text-align:right;\"> <U+2212>.13 </td>"
     + " <td style=\"text-align:right;\"> <u>.49 </u>"
     + "</td>"
     + " <td style=\"text-align:right;\"> <u>.56 </u>"
     + "</td>"
     + " <td style=\"text-align:right;\"> <u>.13 </u>"
     + "</td>"
     " <td style=\"text-align:right;\"> .70 </td>"
     - " <td style=\"text-align:right;\"> <U+2212>.58 </td>"
     - " <td style=\"text-align:right;\"> <U+2212>.21 </td>"
     + " <td style=\"text-align:right;\"> <u>.58 </u>"
     + "</td>"
     + " <td style=\"text-align:right;\"> <u>.21 </u>"
     + "</td>"
     " <td style=\"text-align:right;\"> .21 </td>"
     " <td style=\"text-align:right;\"> .79 </td>"
     " <td style=\"text-align:right;\"> 1 </td>"
    
     old[158:171] vs new[184:201]
     " </tr>"
     " <tr>"
     " <td style=\"text-align:left;\"> carb </td>"
     - " <td style=\"text-align:right;\"> <U+2212>.55 </td>"
     + " <td style=\"text-align:right;\"> <u>.55 </u>"
     + "</td>"
     " <td style=\"text-align:right;\"> .53 </td>"
     " <td style=\"text-align:right;\"> .39 </td>"
     " <td style=\"text-align:right;\"> .75 </td>"
     - " <td style=\"text-align:right;\"> <U+2212>.09 </td>"
     + " <td style=\"text-align:right;\"> <u>.09 </u>"
     + "</td>"
     " <td style=\"text-align:right;\"> .43 </td>"
     - " <td style=\"text-align:right;\"> <U+2212>.66 </td>"
     - " <td style=\"text-align:right;\"> <U+2212>.57 </td>"
     + " <td style=\"text-align:right;\"> <u>.66 </u>"
     + "</td>"
     + " <td style=\"text-align:right;\"> <u>.57 </u>"
     + "</td>"
     " <td style=\"text-align:right;\"> .06 </td>"
     " <td style=\"text-align:right;\"> .27 </td>"
     " <td style=\"text-align:right;\"> 1 </td>"
     -- Failure (test-escape.R:116:5): datasummary_correlation escape rownames and colnames --
     Results have changed from known value recorded in 'known_output/escape_10.html'.
    
     old[32:38] vs new[32:39]
     " </tr>"
     " <tr>"
     " <td style=\"text-align:left;\"> oh&amp;yeah<sup>2</sup> </td>"
     - " <td style=\"text-align:right;\"> <U+2212>.85 </td>"
     + " <td style=\"text-align:right;\"> <u>.85 </u>"
     + "</td>"
     " <td style=\"text-align:right;\"> 1 </td>"
     " <td style=\"text-align:right;\"> . </td>"
     " <td style=\"text-align:right;\"> . </td>"
    
     old[46:52] vs new[47:54]
     " </tr>"
     " <tr>"
     " <td style=\"text-align:left;\"> disp </td>"
     - " <td style=\"text-align:right;\"> <U+2212>.85 </td>"
     + " <td style=\"text-align:right;\"> <u>.85 </u>"
     + "</td>"
     " <td style=\"text-align:right;\"> .90 </td>"
     " <td style=\"text-align:right;\"> 1 </td>"
     " <td style=\"text-align:right;\"> . </td>"
    
     old[60:66] vs new[62:69]
     " </tr>"
     " <tr>"
     " <td style=\"text-align:left;\"> hp </td>"
     - " <td style=\"text-align:right;\"> <U+2212>.78 </td>"
     + " <td style=\"text-align:right;\"> <u>.78 </u>"
     + "</td>"
     " <td style=\"text-align:right;\"> .83 </td>"
     " <td style=\"text-align:right;\"> .79 </td>"
     " <td style=\"text-align:right;\"> 1 </td>"
    
     old[75:83] vs new[78:89]
     " <tr>"
     " <td style=\"text-align:left;\"> drat </td>"
     " <td style=\"text-align:right;\"> .68 </td>"
     - " <td style=\"text-align:right;\"> <U+2212>.70 </td>"
     - " <td style=\"text-align:right;\"> <U+2212>.71 </td>"
     - " <td style=\"text-align:right;\"> <U+2212>.45 </td>"
     + " <td style=\"text-align:right;\"> <u>.70 </u>"
     + "</td>"
     + " <td style=\"text-align:right;\"> <u>.71 </u>"
     + "</td>"
     + " <td style=\"text-align:right;\"> <u>.45 </u>"
     + "</td>"
     " <td style=\"text-align:right;\"> 1 </td>"
     " <td style=\"text-align:right;\"> . </td>"
     " <td style=\"text-align:right;\"> . </td>"
    
     old[88:98] vs new[94:106]
     " </tr>"
     " <tr>"
     " <td style=\"text-align:left;\"> wt </td>"
     - " <td style=\"text-align:right;\"> <U+2212>.87 </td>"
     + " <td style=\"text-align:right;\"> <u>.87 </u>"
     + "</td>"
     " <td style=\"text-align:right;\"> .78 </td>"
     " <td style=\"text-align:right;\"> .89 </td>"
     " <td style=\"text-align:right;\"> .66 </td>"
     - " <td style=\"text-align:right;\"> <U+2212>.71 </td>"
     + " <td style=\"text-align:right;\"> <u>.71 </u>"
     + "</td>"
     " <td style=\"text-align:right;\"> 1 </td>"
     " <td style=\"text-align:right;\"> . </td>"
     " <td style=\"text-align:right;\"> . </td>"
    
     old[103:113] vs new[111:125]
     " <tr>"
     " <td style=\"text-align:left;\"> qsec </td>"
     " <td style=\"text-align:right;\"> .42 </td>"
     - " <td style=\"text-align:right;\"> <U+2212>.59 </td>"
     - " <td style=\"text-align:right;\"> <U+2212>.43 </td>"
     - " <td style=\"text-align:right;\"> <U+2212>.71 </td>"
     + " <td style=\"text-align:right;\"> <u>.59 </u>"
     + "</td>"
     + " <td style=\"text-align:right;\"> <u>.43 </u>"
     + "</td>"
     + " <td style=\"text-align:right;\"> <u>.71 </u>"
     + "</td>"
     " <td style=\"text-align:right;\"> .09 </td>"
     - " <td style=\"text-align:right;\"> <U+2212>.17 </td>"
     + " <td style=\"text-align:right;\"> <u>.17 </u>"
     + "</td>"
     " <td style=\"text-align:right;\"> 1 </td>"
     " <td style=\"text-align:right;\"> . </td>"
     " <td style=\"text-align:right;\"> . </td>"
    
     old[117:127] vs new[129:143]
     " <tr>"
     " <td style=\"text-align:left;\"> vs </td>"
     " <td style=\"text-align:right;\"> .66 </td>"
     - " <td style=\"text-align:right;\"> <U+2212>.81 </td>"
     - " <td style=\"text-align:right;\"> <U+2212>.71 </td>"
     - " <td style=\"text-align:right;\"> <U+2212>.72 </td>"
     + " <td style=\"text-align:right;\"> <u>.81 </u>"
     + "</td>"
     + " <td style=\"text-align:right;\"> <u>.71 </u>"
     + "</td>"
     + " <td style=\"text-align:right;\"> <u>.72 </u>"
     + "</td>"
     " <td style=\"text-align:right;\"> .44 </td>"
     - " <td style=\"text-align:right;\"> <U+2212>.55 </td>"
     + " <td style=\"text-align:right;\"> <u>.55 </u>"
     + "</td>"
     " <td style=\"text-align:right;\"> .74 </td>"
     " <td style=\"text-align:right;\"> 1 </td>"
     " <td style=\"text-align:right;\"> . </td>"
    
     old[131:142] vs new[147:163]
     " <tr>"
     " <td style=\"text-align:left;\"> am </td>"
     " <td style=\"text-align:right;\"> .60 </td>"
     - " <td style=\"text-align:right;\"> <U+2212>.52 </td>"
     - " <td style=\"text-align:right;\"> <U+2212>.59 </td>"
     - " <td style=\"text-align:right;\"> <U+2212>.24 </td>"
     + " <td style=\"text-align:right;\"> <u>.52 </u>"
     + "</td>"
     + " <td style=\"text-align:right;\"> <u>.59 </u>"
     + "</td>"
     + " <td style=\"text-align:right;\"> <u>.24 </u>"
     + "</td>"
     " <td style=\"text-align:right;\"> .71 </td>"
     - " <td style=\"text-align:right;\"> <U+2212>.69 </td>"
     - " <td style=\"text-align:right;\"> <U+2212>.23 </td>"
     + " <td style=\"text-align:right;\"> <u>.69 </u>"
     + "</td>"
     + " <td style=\"text-align:right;\"> <u>.23 </u>"
     + "</td>"
     " <td style=\"text-align:right;\"> .17 </td>"
     " <td style=\"text-align:right;\"> 1 </td>"
     " <td style=\"text-align:right;\"> . </td>"
    
     old[145:156] vs new[166:182]
     " <tr>"
     " <td style=\"text-align:left;\"> gear </td>"
     " <td style=\"text-align:right;\"> .48 </td>"
     - " <td style=\"text-align:right;\"> <U+2212>.49 </td>"
     - " <td style=\"text-align:right;\"> <U+2212>.56 </td>"
     - " <td style=\"text-align:right;\"> <U+2212>.13 </td>"
     + " <td style=\"text-align:right;\"> <u>.49 </u>"
     + "</td>"
     + " <td style=\"text-align:right;\"> <u>.56 </u>"
     + "</td>"
     + " <td style=\"text-align:right;\"> <u>.13 </u>"
     + "</td>"
     " <td style=\"text-align:right;\"> .70 </td>"
     - " <td style=\"text-align:right;\"> <U+2212>.58 </td>"
     - " <td style=\"text-align:right;\"> <U+2212>.21 </td>"
     + " <td style=\"text-align:right;\"> <u>.58 </u>"
     + "</td>"
     + " <td style=\"text-align:right;\"> <u>.21 </u>"
     + "</td>"
     " <td style=\"text-align:right;\"> .21 </td>"
     " <td style=\"text-align:right;\"> .79 </td>"
     " <td style=\"text-align:right;\"> 1 </td>"
    
     old[158:171] vs new[184:201]
     " </tr>"
     " <tr>"
     " <td style=\"text-align:left;\"> carb </td>"
     - " <td style=\"text-align:right;\"> <U+2212>.55 </td>"
     + " <td style=\"text-align:right;\"> <u>.55 </u>"
     + "</td>"
     " <td style=\"text-align:right;\"> .53 </td>"
     " <td style=\"text-align:right;\"> .39 </td>"
     " <td style=\"text-align:right;\"> .75 </td>"
     - " <td style=\"text-align:right;\"> <U+2212>.09 </td>"
     + " <td style=\"text-align:right;\"> <u>.09 </u>"
     + "</td>"
     " <td style=\"text-align:right;\"> .43 </td>"
     - " <td style=\"text-align:right;\"> <U+2212>.66 </td>"
     - " <td style=\"text-align:right;\"> <U+2212>.57 </td>"
     + " <td style=\"text-align:right;\"> <u>.66 </u>"
     + "</td>"
     + " <td style=\"text-align:right;\"> <u>.57 </u>"
     + "</td>"
     " <td style=\"text-align:right;\"> .06 </td>"
     " <td style=\"text-align:right;\"> .27 </td>"
     " <td style=\"text-align:right;\"> 1 </td>"
     -- Failure (test-html.R:3:5): raw html output ----------------------------------
     Results have changed from known value recorded in 'known_output/html_1.tex'.
    
     old[16:22] vs new[16:23]
     " </tr>"
     " <tr>"
     " <td style=\"text-align:left;\"> mpg </td>"
     - " <td style=\"text-align:center;\"> <U+2212>8.830 </td>"
     + " <td style=\"text-align:center;\"> <u>8.830 </u>"
     + "</td>"
     " </tr>"
     " <tr>"
     " <td style=\"text-align:left;\"> </td>"
     -- Failure (test-mathmode.R:42:5): HTML global options -------------------------
     Results have changed from known value recorded in 'known_output/mathmode_2.tex'.
    
     old[19:26] vs new[19:28]
     " </tr>"
     " <tr>"
     " <td style=\"text-align:left;\"> hp </td>"
     - " <td style=\"text-align:center;\"> <U+2212>0.068 </td>"
     - " <td style=\"text-align:center;\"> <U+2212>0.052 </td>"
     + " <td style=\"text-align:center;\"> <u>0.068 </u>"
     + "</td>"
     + " <td style=\"text-align:center;\"> <u>0.052 </u>"
     + "</td>"
     " </tr>"
     " <tr>"
     " <td style=\"text-align:left;\"> </td>"
    
     old[64:71] vs new[66:75]
     " </tr>"
     " <tr>"
     " <td style=\"text-align:left;\"> Log.Lik. </td>"
     - " <td style=\"text-align:center;\"> <U+2212>87.619 </td>"
     - " <td style=\"text-align:center;\"> <U+2212>80.752 </td>"
     + " <td style=\"text-align:center;\"> <u>87.619 </u>"
     + "</td>"
     + " <td style=\"text-align:center;\"> <u>80.752 </u>"
     + "</td>"
     " </tr>"
     " <tr>"
     " <td style=\"text-align:left;\"> F </td>"
    
     [ FAIL 6 | WARN 0 | SKIP 6 | PASS 404 ]
     Error: Test failures
     Execution halted
Flavor: r-devel-linux-x86_64-debian-clang

Version: 0.9.1
Check: tests
Result: ERROR
     Running ‘spelling.R’ [0s/1s]
     Running ‘testthat.R’ [61s/105s]
    Running the tests in ‘tests/testthat.R’ failed.
    Complete output:
     > library(testthat)
     > library(modelsummary)
     >
     > test_check("modelsummary")
     Can't calculate log-loss.
     Can't calculate proper scoring rules for ordinal, multinomial or cumulative link models.
     Can't calculate log-loss.
     Can't calculate proper scoring rules for ordinal, multinomial or cumulative link models.
     ══ Skipped tests ═══════════════════════════════════════════════════════════════
     • On CRAN (6)
    
     ══ Failed tests ════════════════════════════════════════════════════════════════
     ── Error (test-gof.R:41:3): omit all gof ───────────────────────────────────────
     Error: Must subset columns with a valid subscript vector.
     ✖ Subscript `c(idx1, idx2)` has the wrong type `list`.
     ℹ It must be logical, numeric, or character.
     Backtrace:
     █
     1. └─modelsummary::modelsummary(mod, gof_map = list(), output = "dataframe") test-gof.R:41:2
     2. └─modelsummary:::format_gof(...)
     3. ├─gof[c(idx1, idx2)]
     4. └─tibble:::`[.tbl_df`(gof, c(idx1, idx2))
     5. └─tibble:::vectbl_as_col_location(...)
     6. ├─tibble:::subclass_col_index_errors(...)
     7. │ └─base::withCallingHandlers(...)
     8. └─vctrs::vec_as_location(j, n, names)
    
     [ FAIL 1 | WARN 0 | SKIP 6 | PASS 408 ]
     Error: Test failures
     Execution halted
Flavor: r-devel-linux-x86_64-debian-gcc

Version: 0.9.1
Check: tests
Result: ERROR
     Running ‘spelling.R’
     Running ‘testthat.R’ [98s/142s]
    Running the tests in ‘tests/testthat.R’ failed.
    Complete output:
     > library(testthat)
     > library(modelsummary)
     >
     > test_check("modelsummary")
     Can't calculate log-loss.
     Can't calculate proper scoring rules for ordinal, multinomial or cumulative link models.
     Can't calculate log-loss.
     Can't calculate proper scoring rules for ordinal, multinomial or cumulative link models.
     OMP: Warning #96: Cannot form a team with 12 threads, using 2 instead.
     OMP: Hint Consider unsetting KMP_DEVICE_THREAD_LIMIT (KMP_ALL_THREADS), KMP_TEAMS_THREAD_LIMIT, and OMP_THREAD_LIMIT (if any are set).
     ══ Skipped tests ═══════════════════════════════════════════════════════════════
     • On CRAN (6)
    
     ══ Failed tests ════════════════════════════════════════════════════════════════
     ── Error (test-gof.R:41:3): omit all gof ───────────────────────────────────────
     Error: Must subset columns with a valid subscript vector.
     ✖ Subscript `c(idx1, idx2)` has the wrong type `list`.
     ℹ It must be logical, numeric, or character.
     Backtrace:
     █
     1. └─modelsummary::modelsummary(mod, gof_map = list(), output = "dataframe") test-gof.R:41:2
     2. └─modelsummary:::format_gof(...)
     3. ├─gof[c(idx1, idx2)]
     4. └─tibble:::`[.tbl_df`(gof, c(idx1, idx2))
     5. └─tibble:::vectbl_as_col_location(...)
     6. ├─tibble:::subclass_col_index_errors(...)
     7. │ └─base::withCallingHandlers(...)
     8. └─vctrs::vec_as_location(j, n, names)
    
     [ FAIL 1 | WARN 0 | SKIP 6 | PASS 408 ]
     Error: Test failures
     Execution halted
Flavor: r-devel-linux-x86_64-fedora-clang

Version: 0.9.1
Check: tests
Result: ERROR
     Running ‘spelling.R’
     Running ‘testthat.R’ [101s/103s]
    Running the tests in ‘tests/testthat.R’ failed.
    Complete output:
     > library(testthat)
     > library(modelsummary)
     >
     > test_check("modelsummary")
     Can't calculate log-loss.
     Can't calculate proper scoring rules for ordinal, multinomial or cumulative link models.
     Can't calculate log-loss.
     Can't calculate proper scoring rules for ordinal, multinomial or cumulative link models.
     ══ Skipped tests ═══════════════════════════════════════════════════════════════
     • On CRAN (6)
    
     ══ Failed tests ════════════════════════════════════════════════════════════════
     ── Error (test-gof.R:41:3): omit all gof ───────────────────────────────────────
     Error: Must subset columns with a valid subscript vector.
     ✖ Subscript `c(idx1, idx2)` has the wrong type `list`.
     ℹ It must be logical, numeric, or character.
     Backtrace:
     █
     1. └─modelsummary::modelsummary(mod, gof_map = list(), output = "dataframe") test-gof.R:41:2
     2. └─modelsummary:::format_gof(...)
     3. ├─gof[c(idx1, idx2)]
     4. └─tibble:::`[.tbl_df`(gof, c(idx1, idx2))
     5. └─tibble:::vectbl_as_col_location(...)
     6. ├─tibble:::subclass_col_index_errors(...)
     7. │ └─base::withCallingHandlers(...)
     8. └─vctrs::vec_as_location(j, n, names)
    
     [ FAIL 1 | WARN 0 | SKIP 6 | PASS 408 ]
     Error: Test failures
     Execution halted
Flavor: r-devel-linux-x86_64-fedora-gcc