Last updated on 2023-05-28 01:54:02 CEST.
Flavor | Version | Tinstall | Tcheck | Ttotal | Status | Flags |
---|---|---|---|---|---|---|
r-devel-linux-x86_64-debian-clang | 0.5.5 | 10.04 | 112.74 | 122.78 | OK | |
r-devel-linux-x86_64-debian-gcc | 0.5.5 | 9.09 | 86.55 | 95.64 | OK | |
r-devel-linux-x86_64-fedora-clang | 0.5.5 | 153.64 | NOTE | |||
r-devel-linux-x86_64-fedora-gcc | 0.5.5 | 159.91 | NOTE | |||
r-devel-windows-x86_64 | 0.5.5 | 13.00 | 110.00 | 123.00 | OK | |
r-patched-linux-x86_64 | 0.5.5 | 9.24 | 108.08 | 117.32 | OK | |
r-release-linux-x86_64 | 0.5.5 | 7.18 | 106.87 | 114.05 | OK | |
r-release-macos-arm64 | 0.5.5 | 58.00 | OK | |||
r-release-macos-x86_64 | 0.5.5 | 96.00 | OK | |||
r-release-windows-x86_64 | 0.5.5 | 14.00 | 133.00 | 147.00 | OK | |
r-oldrel-macos-arm64 | 0.5.5 | 45.00 | NOTE | |||
r-oldrel-macos-x86_64 | 0.5.5 | 65.00 | NOTE | |||
r-oldrel-windows-x86_64 | 0.5.5 | 16.00 | 131.00 | 147.00 | OK |
Version: 0.5.5
Check: data for non-ASCII characters
Result: NOTE
Note: found 5238 marked UTF-8 strings
Flavors: r-devel-linux-x86_64-fedora-clang, r-devel-linux-x86_64-fedora-gcc, r-oldrel-macos-arm64, r-oldrel-macos-x86_64