CRAN Package Check Results for Package molic

Last updated on 2021-10-21 12:58:07 CEST.

Flavor Version Tinstall Tcheck Ttotal Status Flags
r-devel-linux-x86_64-debian-clang 2.0.3 36.16 139.93 176.09 OK
r-devel-linux-x86_64-debian-gcc 2.0.3 29.03 102.03 131.06 OK
r-devel-linux-x86_64-fedora-clang 2.0.3 234.88 NOTE
r-devel-linux-x86_64-fedora-gcc 2.0.3 225.54 OK
r-devel-windows-x86_64 2.0.3 52.00 206.00 258.00 OK
r-devel-windows-x86_64-gcc10-UCRT 2.0.3 ERROR
r-patched-linux-x86_64 2.0.3 36.63 136.81 173.44 OK
r-patched-solaris-x86 2.0.3 279.90 OK
r-release-linux-x86_64 2.0.3 31.16 137.56 168.72 OK
r-release-macos-arm64 2.0.3 NOTE
r-release-macos-x86_64 2.0.3 NOTE
r-release-windows-ix86+x86_64 2.0.3 94.00 242.00 336.00 NOTE
r-oldrel-macos-x86_64 2.0.3 NOTE
r-oldrel-windows-ix86+x86_64 2.0.3 97.00 250.00 347.00 NOTE

Check Details

Version: 2.0.3
Check: installed package size
Result: NOTE
     installed size is 5.2Mb
     sub-directories of 1Mb or more:
     extdata 1.6Mb
     libs 2.3Mb
Flavors: r-devel-linux-x86_64-fedora-clang, r-release-macos-arm64, r-release-macos-x86_64, r-release-windows-ix86+x86_64, r-oldrel-macos-x86_64, r-oldrel-windows-ix86+x86_64

Version: 2.0.3
Check: package dependencies
Result: ERROR
    Package required but not available: 'ess'
    
    Package suggested but not available for checking: 'igraph'
    
    See section 'The DESCRIPTION file' in the 'Writing R Extensions'
    manual.
Flavor: r-devel-windows-x86_64-gcc10-UCRT