CRAN Package Check Results for Package mortyr

Last updated on 2021-09-25 06:49:26 CEST.

Flavor Version Tinstall Tcheck Ttotal Status Flags
r-devel-linux-x86_64-debian-clang 0.0.2 2.02 25.31 27.33 NOTE
r-devel-linux-x86_64-debian-gcc 0.0.2 1.57 20.48 22.05 NOTE
r-devel-linux-x86_64-fedora-clang 0.0.2 41.70 NOTE
r-devel-linux-x86_64-fedora-gcc 0.0.2 31.62 NOTE
r-devel-windows-x86_64 0.0.2 3.00 36.00 39.00 NOTE
r-devel-windows-x86_64-gcc10-UCRT 0.0.2 NOTE
r-patched-linux-x86_64 0.0.2 1.99 25.33 27.32 NOTE
r-patched-solaris-x86 0.0.2 50.80 NOTE
r-release-linux-x86_64 0.0.2 1.91 25.80 27.71 NOTE
r-release-macos-arm64 0.0.2 NOTE
r-release-macos-x86_64 0.0.2 NOTE
r-release-windows-ix86+x86_64 0.0.2 5.00 37.00 42.00 NOTE
r-oldrel-macos-x86_64 0.0.2 OK
r-oldrel-windows-ix86+x86_64 0.0.2 5.00 34.00 39.00 OK

Check Details

Version: 0.0.2
Check: LazyData
Result: NOTE
     'LazyData' is specified without a 'data' directory
Flavors: r-devel-linux-x86_64-debian-clang, r-devel-linux-x86_64-debian-gcc, r-devel-linux-x86_64-fedora-clang, r-devel-linux-x86_64-fedora-gcc, r-devel-windows-x86_64, r-devel-windows-x86_64-gcc10-UCRT, r-patched-linux-x86_64, r-patched-solaris-x86, r-release-linux-x86_64, r-release-macos-arm64, r-release-macos-x86_64, r-release-windows-ix86+x86_64