CRAN Package Check Results for Package mpmi

Last updated on 2024-07-19 00:53:23 CEST.

Flavor Version Tinstall Tcheck Ttotal Status Flags
r-devel-linux-x86_64-debian-clang 0.43.2.1 6.30 32.02 38.32 OK
r-devel-linux-x86_64-debian-gcc 0.43.2.1 3.94 24.69 28.63 OK
r-devel-linux-x86_64-fedora-clang 0.43.2.1 53.44 NOTE
r-devel-linux-x86_64-fedora-gcc 0.43.2.1 59.93 NOTE
r-devel-windows-x86_64 0.43.2.1 9.00 64.00 73.00 OK
r-patched-linux-x86_64 0.43.2.1 5.00 30.64 35.64 OK
r-release-linux-x86_64 0.43.2.1 4.68 31.40 36.08 OK
r-release-macos-arm64 0.43.2.1 26.00 OK
r-release-macos-x86_64 0.43.2.1 61.00 OK
r-release-windows-x86_64 0.43.2.1 10.00 64.00 74.00 OK
r-oldrel-macos-arm64 0.43.2.1 43.00 OK
r-oldrel-macos-x86_64 0.43.2.1 73.00 OK
r-oldrel-windows-x86_64 0.43.2.1 9.00 63.00 72.00 OK

Check Details

Version: 0.43.2.1
Check: compiled code
Result: NOTE File ‘mpmi/libs/mpmi.so’: Found no calls to: ‘R_registerRoutines’, ‘R_useDynamicSymbols’ It is good practice to register native routines and to disable symbol search. See ‘Writing portable packages’ in the ‘Writing R Extensions’ manual. Flavors: r-devel-linux-x86_64-fedora-clang, r-devel-linux-x86_64-fedora-gcc