CRAN Package Check Results for Package mrbin

Last updated on 2021-09-20 07:50:46 CEST.

Flavor Version Tinstall Tcheck Ttotal Status Flags
r-devel-linux-x86_64-debian-clang 1.6.0 9.31 103.57 112.88 OK
r-devel-linux-x86_64-debian-gcc 1.6.0 7.63 74.59 82.22 OK
r-devel-linux-x86_64-fedora-clang 1.6.0 141.85 OK
r-devel-linux-x86_64-fedora-gcc 1.6.0 125.59 OK
r-devel-windows-x86_64 1.6.0 13.00 100.00 113.00 OK
r-devel-windows-x86_64-gcc10-UCRT 1.6.0 ERROR
r-patched-linux-x86_64 1.6.0 8.98 97.49 106.47 OK
r-patched-solaris-x86 1.6.0 506.80 OK
r-release-linux-x86_64 1.6.0 8.31 97.22 105.53 OK
r-release-macos-arm64 1.6.0 OK
r-release-macos-x86_64 1.6.0 OK
r-release-windows-ix86+x86_64 1.6.0 17.00 94.00 111.00 OK
r-oldrel-macos-x86_64 1.6.0 OK
r-oldrel-windows-ix86+x86_64 1.6.0 12.00 97.00 109.00 OK

Check Details

Version: 1.6.0
Check: whether package can be installed
Result: WARN
    Found the following significant warnings:
     WARNING: installation-time patches will not be applied, could not get the patches index
Flavor: r-devel-windows-x86_64-gcc10-UCRT

Version: 1.6.0
Check: PDF version of manual
Result: WARN
    LaTeX errors when creating PDF version.
    This typically indicates Rd problems.
Flavor: r-devel-windows-x86_64-gcc10-UCRT

Version: 1.6.0
Check: PDF version of manual without hyperrefs or index
Result: ERROR
    Re-running with no redirection of stdout/stderr.
Flavor: r-devel-windows-x86_64-gcc10-UCRT