CRAN Package Check Results for Package multicolor

Last updated on 2021-10-22 12:59:21 CEST.

Flavor Version Tinstall Tcheck Ttotal Status Flags
r-devel-linux-x86_64-debian-clang 0.1.4 2.70 54.86 57.56 NOTE
r-devel-linux-x86_64-debian-gcc 0.1.4 2.33 44.20 46.53 NOTE
r-devel-linux-x86_64-fedora-clang 0.1.4 79.16 NOTE
r-devel-linux-x86_64-fedora-gcc 0.1.4 71.16 NOTE
r-devel-windows-x86_64 0.1.4 5.00 60.00 65.00 NOTE
r-devel-windows-x86_64-gcc10-UCRT 0.1.4 NOTE
r-patched-linux-x86_64 0.1.4 2.99 55.25 58.24 NOTE
r-patched-solaris-x86 0.1.4 86.80 NOTE
r-release-linux-x86_64 0.1.4 2.39 55.54 57.93 NOTE
r-release-macos-arm64 0.1.4 NOTE
r-release-macos-x86_64 0.1.4 NOTE
r-release-windows-ix86+x86_64 0.1.4 18.00 55.00 73.00 NOTE
r-oldrel-macos-x86_64 0.1.4 NOTE
r-oldrel-windows-ix86+x86_64 0.1.4 7.00 62.00 69.00 OK

Check Details

Version: 0.1.4
Check: LazyData
Result: NOTE
     'LazyData' is specified without a 'data' directory
Flavors: r-devel-linux-x86_64-debian-clang, r-devel-linux-x86_64-debian-gcc, r-devel-linux-x86_64-fedora-clang, r-devel-linux-x86_64-fedora-gcc, r-devel-windows-x86_64, r-devel-windows-x86_64-gcc10-UCRT, r-patched-linux-x86_64, r-patched-solaris-x86, r-release-linux-x86_64, r-release-macos-arm64, r-release-macos-x86_64, r-release-windows-ix86+x86_64

Version: 0.1.4
Check: dependencies in R code
Result: NOTE
    Namespace in Imports field not imported from: ‘cowsay’
     All declared Imports should be used.
Flavors: r-devel-linux-x86_64-fedora-clang, r-devel-linux-x86_64-fedora-gcc, r-devel-windows-x86_64-gcc10-UCRT, r-patched-solaris-x86, r-release-macos-arm64, r-release-macos-x86_64, r-oldrel-macos-x86_64