CRAN Package Check Results for Package multipanelfigure

Last updated on 2021-10-22 12:59:21 CEST.

Flavor Version Tinstall Tcheck Ttotal Status Flags
r-devel-linux-x86_64-debian-clang 2.1.2 6.39 82.36 88.75 OK
r-devel-linux-x86_64-debian-gcc 2.1.2 5.11 61.18 66.29 OK
r-devel-linux-x86_64-fedora-clang 2.1.2 117.18 OK
r-devel-linux-x86_64-fedora-gcc 2.1.2 99.54 OK
r-devel-windows-x86_64 2.1.2 12.00 109.00 121.00 OK
r-devel-windows-x86_64-gcc10-UCRT 2.1.2 OK
r-patched-linux-x86_64 2.1.2 6.72 76.61 83.33 OK
r-release-linux-x86_64 2.1.2 5.96 76.65 82.61 OK
r-release-macos-arm64 2.1.2 NOTE
r-release-macos-x86_64 2.1.2 OK
r-release-windows-ix86+x86_64 2.1.2 18.00 105.00 123.00 OK
r-oldrel-macos-x86_64 2.1.2 OK
r-oldrel-windows-ix86+x86_64 2.1.2 16.00 109.00 125.00 OK

Check Details

Version: 2.1.2
Check: package dependencies
Result: NOTE
    Package suggested but not available for checking: ‘ComplexHeatmap’
Flavor: r-release-macos-arm64

Version: 2.1.2
Check: Rd cross-references
Result: NOTE
    Package unavailable to check Rd xrefs: ‘ComplexHeatmap’
Flavor: r-release-macos-arm64