CRAN Package Check Results for Package multiwayvcov

Last updated on 2021-09-25 06:49:26 CEST.

Flavor Version Tinstall Tcheck Ttotal Status Flags
r-devel-linux-x86_64-debian-clang 1.2.3 2.67 27.68 30.35 OK
r-devel-linux-x86_64-debian-gcc 1.2.3 1.96 22.04 24.00 OK
r-devel-linux-x86_64-fedora-clang 1.2.3 45.36 NOTE
r-devel-linux-x86_64-fedora-gcc 1.2.3 35.19 OK
r-devel-windows-x86_64 1.2.3 5.00 32.00 37.00 OK
r-devel-windows-x86_64-gcc10-UCRT 1.2.3 OK
r-patched-linux-x86_64 1.2.3 2.79 27.18 29.97 OK
r-patched-solaris-x86 1.2.3 57.40 OK
r-release-linux-x86_64 1.2.3 2.68 27.09 29.77 OK
r-release-macos-arm64 1.2.3 OK
r-release-macos-x86_64 1.2.3 OK
r-release-windows-ix86+x86_64 1.2.3 7.00 31.00 38.00 OK
r-oldrel-macos-x86_64 1.2.3 OK
r-oldrel-windows-ix86+x86_64 1.2.3 5.00 34.00 39.00 OK

Check Details

Version: 1.2.3
Check: Rd cross-references
Result: NOTE
    Undeclared package ‘lfe’ in Rd xrefs
Flavor: r-devel-linux-x86_64-fedora-clang