CRAN Package Check Results for Package munfold

Last updated on 2021-09-21 06:48:36 CEST.

Flavor Version Tinstall Tcheck Ttotal Status Flags
r-devel-linux-x86_64-debian-clang 0.3.5 6.25 66.77 73.02 OK
r-devel-linux-x86_64-debian-gcc 0.3.5 5.64 50.47 56.11 OK
r-devel-linux-x86_64-fedora-clang 0.3.5 95.53 OK
r-devel-linux-x86_64-fedora-gcc 0.3.5 83.28 OK
r-devel-windows-x86_64 0.3.5 8.00 59.00 67.00 OK
r-devel-windows-x86_64-gcc10-UCRT 0.3.5 ERROR
r-patched-linux-x86_64 0.3.5 6.12 62.05 68.17 OK
r-patched-solaris-x86 0.3.5 121.30 OK
r-release-linux-x86_64 0.3.5 5.50 61.54 67.04 OK
r-release-macos-arm64 0.3.5 OK
r-release-macos-x86_64 0.3.5 OK
r-release-windows-ix86+x86_64 0.3.5 16.00 59.00 75.00 OK
r-oldrel-macos-x86_64 0.3.5 OK
r-oldrel-windows-ix86+x86_64 0.3.5 17.00 65.00 82.00 OK

Check Details

Version: 0.3.5
Check: whether package can be installed
Result: WARN
    Found the following significant warnings:
     WARNING: installation-time patches will not be applied, could not get the patches index
Flavor: r-devel-windows-x86_64-gcc10-UCRT

Version: 0.3.5
Check: PDF version of manual
Result: WARN
    LaTeX errors when creating PDF version.
    This typically indicates Rd problems.
Flavor: r-devel-windows-x86_64-gcc10-UCRT

Version: 0.3.5
Check: PDF version of manual without hyperrefs or index
Result: ERROR
    Re-running with no redirection of stdout/stderr.
Flavor: r-devel-windows-x86_64-gcc10-UCRT