CRAN Package Check Results for Package mvprpb

Last updated on 2021-09-26 06:49:14 CEST.

Flavor Version Tinstall Tcheck Ttotal Status Flags
r-devel-linux-x86_64-debian-clang 1.0.4 1.82 21.49 23.31 NOTE
r-devel-linux-x86_64-debian-gcc 1.0.4 1.57 17.15 18.72 NOTE
r-devel-linux-x86_64-fedora-clang 1.0.4 37.86 NOTE
r-devel-linux-x86_64-fedora-gcc 1.0.4 27.07 NOTE
r-devel-windows-x86_64 1.0.4 3.00 27.00 30.00 NOTE
r-devel-windows-x86_64-gcc10-UCRT 1.0.4 NOTE
r-patched-linux-x86_64 1.0.4 2.08 20.88 22.96 NOTE
r-patched-solaris-x86 1.0.4 41.80 NOTE
r-release-linux-x86_64 1.0.4 1.77 20.66 22.43 NOTE
r-release-macos-arm64 1.0.4 NOTE
r-release-macos-x86_64 1.0.4 NOTE
r-release-windows-ix86+x86_64 1.0.4 5.00 23.00 28.00 NOTE
r-oldrel-macos-x86_64 1.0.4 NOTE
r-oldrel-windows-ix86+x86_64 1.0.4 4.00 24.00 28.00 NOTE

Check Details

Version: 1.0.4
Check: R code for possible problems
Result: NOTE
    mvorpb: no visible global function definition for 'pnorm'
    mvorpb: no visible global function definition for 'dnorm'
    Undefined global functions or variables:
     dnorm pnorm
    Consider adding
     importFrom("stats", "dnorm", "pnorm")
    to your NAMESPACE file.
Flavors: r-devel-linux-x86_64-debian-clang, r-devel-linux-x86_64-debian-gcc, r-devel-linux-x86_64-fedora-clang, r-devel-linux-x86_64-fedora-gcc, r-devel-windows-x86_64, r-devel-windows-x86_64-gcc10-UCRT, r-patched-linux-x86_64, r-patched-solaris-x86, r-release-linux-x86_64, r-release-macos-arm64, r-release-macos-x86_64, r-release-windows-ix86+x86_64, r-oldrel-macos-x86_64, r-oldrel-windows-ix86+x86_64