CRAN Package Check Results for Package nat

Last updated on 2025-01-24 00:48:38 CET.

Flavor Version Tinstall Tcheck Ttotal Status Flags
r-devel-linux-x86_64-debian-clang 1.8.24 17.41 143.59 161.00 NOTE
r-devel-linux-x86_64-debian-gcc 1.8.24 11.49 98.99 110.48 NOTE
r-devel-linux-x86_64-fedora-clang 1.8.24 264.61 NOTE
r-devel-linux-x86_64-fedora-gcc 1.8.24 255.27 OK
r-devel-windows-x86_64 1.8.24 18.00 181.00 199.00 NOTE
r-patched-linux-x86_64 1.8.24 21.93 135.86 157.79 OK
r-release-linux-x86_64 1.8.24 14.80 135.57 150.37 OK
r-release-macos-arm64 1.8.24 77.00 OK
r-release-macos-x86_64 1.8.24 143.00 OK
r-release-windows-x86_64 1.8.24 17.00 168.00 185.00 OK
r-oldrel-macos-arm64 1.8.24 119.00 OK
r-oldrel-macos-x86_64 1.8.24 154.00 OK
r-oldrel-windows-x86_64 1.8.24 20.00 206.00 226.00 OK

Check Details

Version: 1.8.24
Check: Rd cross-references
Result: NOTE Found the following Rd file(s) with Rd \link{} targets missing package anchors: as.mesh3d.Rd: rgl boundingbox.Rd: mesh3d cmtk.reformatx.Rd: RunCmdForNewerInput, makelock find.neuron.Rd: select3d find.soma.Rd: select3d nat-package.Rd: igraph, select3d, rgl ndigest.Rd: digest neuron.Rd: dfs ngraph.Rd: igraph nopen3d.Rd: open3d nview3d.Rd: view3d pan3d.Rd: rgl.setMouseCallbacks seglist.Rd: igraph Please provide package anchors for all Rd \link{} targets not in the package itself and the base packages. Flavors: r-devel-linux-x86_64-debian-clang, r-devel-linux-x86_64-debian-gcc, r-devel-windows-x86_64

Version: 1.8.24
Check: for detritus in the temp directory
Result: NOTE Found the following files/directories: ‘Crashpad’ Flavor: r-devel-linux-x86_64-fedora-clang