Last updated on 2023-02-04 00:50:59 CET.
Flavor | Version | Tinstall | Tcheck | Ttotal | Status | Flags |
---|---|---|---|---|---|---|
r-devel-linux-x86_64-debian-clang | 2.0.0 | 19.29 | 261.92 | 281.21 | NOTE | |
r-devel-linux-x86_64-debian-gcc | 2.0.0 | 15.51 | 187.46 | 202.97 | NOTE | |
r-devel-linux-x86_64-fedora-clang | 2.0.0 | 345.16 | NOTE | |||
r-devel-linux-x86_64-fedora-gcc | 2.0.0 | 341.01 | NOTE | |||
r-devel-windows-x86_64 | 2.0.0 | 39.00 | 273.00 | 312.00 | NOTE | |
r-patched-linux-x86_64 | 2.0.0 | 16.58 | 234.09 | 250.67 | NOTE | |
r-release-linux-x86_64 | 2.0.0 | 14.19 | 229.61 | 243.80 | NOTE | |
r-release-macos-arm64 | 2.0.0 | 69.00 | NOTE | |||
r-release-macos-x86_64 | 2.0.0 | 145.00 | NOTE | |||
r-release-windows-x86_64 | 2.0.0 | 32.00 | 273.00 | 305.00 | NOTE | |
r-oldrel-macos-arm64 | 2.0.0 | 79.00 | NOTE | |||
r-oldrel-macos-x86_64 | 2.0.0 | 101.00 | NOTE | |||
r-oldrel-windows-ix86+x86_64 | 2.0.0 | 41.00 | 255.00 | 296.00 | NOTE |
Version: 2.0.0
Check: package dependencies
Result: NOTE
Package suggested but not available for checking: ‘gurobi’
Flavors: r-devel-linux-x86_64-debian-clang, r-devel-linux-x86_64-debian-gcc, r-devel-linux-x86_64-fedora-clang, r-devel-linux-x86_64-fedora-gcc, r-devel-windows-x86_64, r-patched-linux-x86_64, r-release-linux-x86_64, r-release-macos-arm64, r-release-macos-x86_64, r-release-windows-x86_64, r-oldrel-macos-arm64, r-oldrel-macos-x86_64, r-oldrel-windows-ix86+x86_64