CRAN Package Check Results for Package ncdump

Last updated on 2021-11-27 09:52:34 CET.

Flavor Version Tinstall Tcheck Ttotal Status Flags
r-devel-linux-x86_64-debian-clang 0.0.3 NOTE
r-devel-linux-x86_64-debian-gcc 0.0.3 3.12 32.47 35.59 NOTE
r-devel-linux-x86_64-fedora-clang 0.0.3 67.27 NOTE
r-devel-linux-x86_64-fedora-gcc 0.0.3 57.33 NOTE
r-devel-windows-x86_64-new-UL 0.0.3 9.00 77.00 86.00 NOTE
r-devel-windows-x86_64-new-TK 0.0.3 NOTE
r-devel-windows-x86_64-old 0.0.3 5.00 62.00 67.00 NOTE
r-patched-linux-x86_64 0.0.3 3.99 39.65 43.64 NOTE
r-patched-solaris-x86 0.0.3 82.30 NOTE
r-release-linux-x86_64 0.0.3 NOTE
r-release-macos-arm64 0.0.3 NOTE
r-release-macos-x86_64 0.0.3 NOTE
r-release-windows-ix86+x86_64 0.0.3 10.00 43.00 53.00 NOTE
r-oldrel-macos-x86_64 0.0.3 OK
r-oldrel-windows-ix86+x86_64 0.0.3 15.00 60.00 75.00 OK

Check Details

Version: 0.0.3
Check: LazyData
Result: NOTE
     'LazyData' is specified without a 'data' directory
Flavors: r-devel-linux-x86_64-debian-clang, r-devel-linux-x86_64-debian-gcc, r-devel-linux-x86_64-fedora-clang, r-devel-linux-x86_64-fedora-gcc, r-devel-windows-x86_64-new-UL, r-devel-windows-x86_64-new-TK, r-devel-windows-x86_64-old, r-patched-linux-x86_64, r-patched-solaris-x86, r-release-linux-x86_64, r-release-macos-arm64, r-release-macos-x86_64, r-release-windows-ix86+x86_64