CRAN Package Check Results for Package ncmeta

Last updated on 2021-11-27 09:52:34 CET.

Flavor Version Tinstall Tcheck Ttotal Status Flags
r-devel-linux-x86_64-debian-clang 0.3.0 NOTE
r-devel-linux-x86_64-debian-gcc 0.3.0 4.30 42.29 46.59 NOTE
r-devel-linux-x86_64-fedora-clang 0.3.0 84.92 NOTE
r-devel-linux-x86_64-fedora-gcc 0.3.0 71.07 NOTE
r-devel-windows-x86_64-new-UL 0.3.0 15.00 94.00 109.00 NOTE
r-devel-windows-x86_64-new-TK 0.3.0 NOTE
r-devel-windows-x86_64-old 0.3.0 8.00 85.00 93.00 NOTE
r-patched-linux-x86_64 0.3.0 4.76 52.64 57.40 NOTE
r-patched-solaris-x86 0.3.0 93.70 NOTE
r-release-linux-x86_64 0.3.0 NOTE
r-release-macos-arm64 0.3.0 NOTE
r-release-macos-x86_64 0.3.0 NOTE
r-release-windows-ix86+x86_64 0.3.0 13.00 58.00 71.00 NOTE
r-oldrel-macos-x86_64 0.3.0 OK
r-oldrel-windows-ix86+x86_64 0.3.0 25.00 75.00 100.00 OK

Check Details

Version: 0.3.0
Check: LazyData
Result: NOTE
     'LazyData' is specified without a 'data' directory
Flavors: r-devel-linux-x86_64-debian-clang, r-devel-linux-x86_64-debian-gcc, r-devel-linux-x86_64-fedora-clang, r-devel-linux-x86_64-fedora-gcc, r-devel-windows-x86_64-new-UL, r-devel-windows-x86_64-new-TK, r-devel-windows-x86_64-old, r-patched-linux-x86_64, r-patched-solaris-x86, r-release-linux-x86_64, r-release-macos-arm64, r-release-macos-x86_64, r-release-windows-ix86+x86_64