CRAN Package Check Results for Package netdiffuseR

Last updated on 2021-10-22 12:59:21 CEST.

Flavor Version Tinstall Tcheck Ttotal Status Flags
r-devel-linux-x86_64-debian-clang 1.22.3 136.99 334.40 471.39 OK
r-devel-linux-x86_64-debian-gcc 1.22.3 112.93 244.26 357.19 OK
r-devel-linux-x86_64-fedora-clang 1.22.3 624.24 NOTE
r-devel-linux-x86_64-fedora-gcc 1.22.3 600.16 OK
r-devel-windows-x86_64 1.22.3 188.00 213.00 401.00 NOTE --no-vignettes
r-devel-windows-x86_64-gcc10-UCRT 1.22.3 ERROR
r-patched-linux-x86_64 1.22.3 141.37 327.10 468.47 OK
r-patched-solaris-x86 1.22.3 454.90 NOTE
r-release-linux-x86_64 1.22.3 134.22 326.05 460.27 OK
r-release-macos-arm64 1.22.3 NOTE
r-release-macos-x86_64 1.22.3 NOTE
r-release-windows-ix86+x86_64 1.22.3 351.00 371.00 722.00 NOTE --no-vignettes
r-oldrel-macos-x86_64 1.22.3 NOTE
r-oldrel-windows-ix86+x86_64 1.22.3 353.00 362.00 715.00 NOTE --no-vignettes

Check Details

Version: 1.22.3
Check: installed package size
Result: NOTE
     installed size is 10.1Mb
     sub-directories of 1Mb or more:
     doc 2.3Mb
     libs 6.0Mb
Flavors: r-devel-linux-x86_64-fedora-clang, r-patched-solaris-x86, r-release-macos-arm64, r-release-macos-x86_64, r-oldrel-macos-x86_64

Version: 1.22.3
Flags: --no-vignettes
Check: installed package size
Result: NOTE
     installed size is 5.4Mb
     sub-directories of 1Mb or more:
     doc 2.3Mb
     libs 1.4Mb
Flavors: r-devel-windows-x86_64, r-release-windows-ix86+x86_64, r-oldrel-windows-ix86+x86_64

Version: 1.22.3
Check: package dependencies
Result: ERROR
    Package required but not available: 'igraph'
    
    See section 'The DESCRIPTION file' in the 'Writing R Extensions'
    manual.
Flavor: r-devel-windows-x86_64-gcc10-UCRT