CRAN Package Check Results for Package netgwas

Last updated on 2021-10-22 12:59:21 CEST.

Flavor Version Tinstall Tcheck Ttotal Status Flags
r-devel-linux-x86_64-debian-clang 1.13 10.11 153.05 163.16 OK
r-devel-linux-x86_64-debian-gcc 1.13 9.53 119.75 129.28 OK
r-devel-linux-x86_64-fedora-clang 1.13 207.81 OK
r-devel-linux-x86_64-fedora-gcc 1.13 196.16 OK
r-devel-windows-x86_64 1.13 19.00 205.00 224.00 OK
r-devel-windows-x86_64-gcc10-UCRT 1.13 ERROR
r-patched-linux-x86_64 1.13 12.21 147.69 159.90 OK
r-patched-solaris-x86 1.13 304.10 OK
r-release-linux-x86_64 1.13 13.55 147.74 161.29 OK
r-release-macos-arm64 1.13 OK
r-release-macos-x86_64 1.13 OK
r-release-windows-ix86+x86_64 1.13 19.00 184.00 203.00 OK
r-oldrel-macos-x86_64 1.13 OK
r-oldrel-windows-ix86+x86_64 1.13 26.00 192.00 218.00 OK

Check Details

Version: 1.13
Check: package dependencies
Result: ERROR
    Packages required but not available: 'igraph', 'huge'
    
    See section 'The DESCRIPTION file' in the 'Writing R Extensions'
    manual.
Flavor: r-devel-windows-x86_64-gcc10-UCRT