CRAN Package Check Results for Package netplot

Last updated on 2021-10-21 12:58:08 CEST.

Flavor Version Tinstall Tcheck Ttotal Status Flags
r-devel-linux-x86_64-debian-clang 0.1-1 5.82 106.52 112.34 OK
r-devel-linux-x86_64-debian-gcc 0.1-1 4.38 75.69 80.07 OK
r-devel-linux-x86_64-fedora-clang 0.1-1 135.29 OK
r-devel-linux-x86_64-fedora-gcc 0.1-1 125.81 OK
r-devel-windows-x86_64 0.1-1 11.00 654.00 665.00 OK
r-devel-windows-x86_64-gcc10-UCRT 0.1-1 ERROR
r-patched-linux-x86_64 0.1-1 5.65 96.51 102.16 OK
r-patched-solaris-x86 0.1-1 170.50 OK
r-release-linux-x86_64 0.1-1 5.90 96.33 102.23 OK
r-release-macos-arm64 0.1-1 OK
r-release-macos-x86_64 0.1-1 OK
r-release-windows-ix86+x86_64 0.1-1 12.00 576.00 588.00 OK
r-oldrel-macos-x86_64 0.1-1 OK
r-oldrel-windows-ix86+x86_64 0.1-1 14.00 811.00 825.00 OK

Check Details

Version: 0.1-1
Check: package dependencies
Result: ERROR
    Package required but not available: 'igraph'
    
    Packages suggested but not available for checking: 'intergraph', 'ggraph'
    
    See section 'The DESCRIPTION file' in the 'Writing R Extensions'
    manual.
Flavor: r-devel-windows-x86_64-gcc10-UCRT