CRAN Package Check Results for Package neuromplex

Last updated on 2021-09-20 07:50:48 CEST.

Flavor Version Tinstall Tcheck Ttotal Status Flags
r-devel-linux-x86_64-debian-clang 1.0-1 6.07 68.24 74.31 OK
r-devel-linux-x86_64-debian-gcc 1.0-1 5.34 48.93 54.27 OK
r-devel-linux-x86_64-fedora-clang 1.0-1 95.04 OK
r-devel-linux-x86_64-fedora-gcc 1.0-1 83.34 OK
r-devel-windows-x86_64 1.0-1 8.00 66.00 74.00 OK
r-devel-windows-x86_64-gcc10-UCRT 1.0-1 ERROR
r-patched-linux-x86_64 1.0-1 7.05 62.56 69.61 OK
r-patched-solaris-x86 1.0-1 114.20 OK
r-release-linux-x86_64 1.0-1 5.80 62.50 68.30 OK
r-release-macos-arm64 1.0-1 OK
r-release-macos-x86_64 1.0-1 OK
r-release-windows-ix86+x86_64 1.0-1 15.00 59.00 74.00 OK
r-oldrel-macos-x86_64 1.0-1 OK
r-oldrel-windows-ix86+x86_64 1.0-1 17.00 66.00 83.00 OK

Check Details

Version: 1.0-1
Check: whether package can be installed
Result: WARN
    Found the following significant warnings:
     WARNING: installation-time patches will not be applied, could not get the patches index
Flavor: r-devel-windows-x86_64-gcc10-UCRT

Version: 1.0-1
Check: PDF version of manual
Result: WARN
    LaTeX errors when creating PDF version.
    This typically indicates Rd problems.
Flavor: r-devel-windows-x86_64-gcc10-UCRT

Version: 1.0-1
Check: PDF version of manual without hyperrefs or index
Result: ERROR
    Re-running with no redirection of stdout/stderr.
Flavor: r-devel-windows-x86_64-gcc10-UCRT