CRAN Package Check Results for Package newsmd

Last updated on 2021-09-25 06:49:27 CEST.

Flavor Version Tinstall Tcheck Ttotal Status Flags
r-devel-linux-x86_64-debian-clang 0.3.1 2.86 23.84 26.70 NOTE
r-devel-linux-x86_64-debian-gcc 0.3.1 2.32 18.99 21.31 NOTE
r-devel-linux-x86_64-fedora-clang 0.3.1 41.71 NOTE
r-devel-linux-x86_64-fedora-gcc 0.3.1 31.52 NOTE
r-devel-windows-x86_64 0.3.1 4.00 36.00 40.00 NOTE
r-devel-windows-x86_64-gcc10-UCRT 0.3.1 NOTE
r-patched-linux-x86_64 0.3.1 2.34 23.01 25.35 NOTE
r-patched-solaris-x86 0.3.1 49.60 NOTE
r-release-linux-x86_64 0.3.1 2.54 23.19 25.73 NOTE
r-release-macos-arm64 0.3.1 NOTE
r-release-macos-x86_64 0.3.1 NOTE
r-release-windows-ix86+x86_64 0.3.1 6.00 31.00 37.00 NOTE
r-oldrel-macos-x86_64 0.3.1 OK
r-oldrel-windows-ix86+x86_64 0.3.1 15.00 31.00 46.00 OK

Check Details

Version: 0.3.1
Check: LazyData
Result: NOTE
     'LazyData' is specified without a 'data' directory
Flavors: r-devel-linux-x86_64-debian-clang, r-devel-linux-x86_64-debian-gcc, r-devel-linux-x86_64-fedora-clang, r-devel-linux-x86_64-fedora-gcc, r-devel-windows-x86_64, r-devel-windows-x86_64-gcc10-UCRT, r-patched-linux-x86_64, r-patched-solaris-x86, r-release-linux-x86_64, r-release-macos-arm64, r-release-macos-x86_64, r-release-windows-ix86+x86_64