CRAN Package Check Results for Package nflseedR

Last updated on 2024-07-25 01:55:43 CEST.

Flavor Version Tinstall Tcheck Ttotal Status Flags
r-devel-linux-x86_64-debian-clang 1.2.0 8.30 105.14 113.44 NOTE
r-devel-linux-x86_64-debian-gcc 1.2.0 6.65 75.50 82.15 NOTE
r-devel-linux-x86_64-fedora-clang 1.2.0 138.57 NOTE
r-devel-linux-x86_64-fedora-gcc 1.2.0 125.93 NOTE
r-devel-windows-x86_64 1.2.0 10.00 90.00 100.00 NOTE
r-patched-linux-x86_64 1.2.0 6.18 95.60 101.78 NOTE
r-release-linux-x86_64 1.2.0 4.98 95.05 100.03 NOTE
r-release-macos-arm64 1.2.0 41.00 NOTE
r-release-macos-x86_64 1.2.0 104.00 NOTE
r-release-windows-x86_64 1.2.0 8.00 88.00 96.00 NOTE
r-oldrel-macos-arm64 1.2.0 47.00 OK
r-oldrel-macos-x86_64 1.2.0 69.00 OK
r-oldrel-windows-x86_64 1.2.0 10.00 105.00 115.00 OK

Check Details

Version: 1.2.0
Check: Rd files
Result: NOTE checkRd: (-1) load_schedules.Rd:27: Lost braces in \itemize; \value handles \item{}{} directly checkRd: (-1) load_schedules.Rd:28: Lost braces in \itemize; \value handles \item{}{} directly checkRd: (-1) load_schedules.Rd:29: Lost braces in \itemize; \value handles \item{}{} directly checkRd: (-1) load_schedules.Rd:30: Lost braces in \itemize; \value handles \item{}{} directly checkRd: (-1) load_schedules.Rd:31: Lost braces in \itemize; \value handles \item{}{} directly checkRd: (-1) load_schedules.Rd:60: Lost braces in \itemize; \value handles \item{}{} directly checkRd: (-1) load_schedules.Rd:61: Lost braces in \itemize; \value handles \item{}{} directly checkRd: (-1) load_schedules.Rd:62: Lost braces in \itemize; \value handles \item{}{} directly checkRd: (-1) load_schedules.Rd:63: Lost braces in \itemize; \value handles \item{}{} directly Flavors: r-devel-linux-x86_64-debian-clang, r-devel-linux-x86_64-debian-gcc, r-devel-linux-x86_64-fedora-clang, r-devel-linux-x86_64-fedora-gcc, r-devel-windows-x86_64, r-patched-linux-x86_64, r-release-linux-x86_64, r-release-macos-arm64, r-release-macos-x86_64, r-release-windows-x86_64