CRAN Package Check Results for Package nichevol

Last updated on 2021-10-21 12:58:08 CEST.

Flavor Version Tinstall Tcheck Ttotal Status Flags
r-devel-linux-x86_64-debian-clang 0.1.19 33.78 310.81 344.59 OK
r-devel-linux-x86_64-debian-gcc 0.1.19 28.64 232.41 261.05 OK
r-devel-linux-x86_64-fedora-clang 0.1.19 425.92 OK
r-devel-linux-x86_64-fedora-gcc 0.1.19 410.38 OK
r-devel-windows-x86_64 0.1.19 53.00 386.00 439.00 OK
r-devel-windows-x86_64-gcc10-UCRT 0.1.19 ERROR
r-patched-linux-x86_64 0.1.19 33.86 293.53 327.39 OK
r-patched-solaris-x86 0.1.19 346.40 OK
r-release-linux-x86_64 0.1.19 33.03 290.93 323.96 OK
r-release-macos-arm64 0.1.19 OK
r-release-macos-x86_64 0.1.19 OK
r-release-windows-ix86+x86_64 0.1.19 82.00 340.00 422.00 OK
r-oldrel-macos-x86_64 0.1.19 OK
r-oldrel-windows-ix86+x86_64 0.1.19 47.00 206.00 253.00 OK

Additional issues

donttest

Check Details

Version: 0.1.19
Check: package dependencies
Result: ERROR
    Package required but not available: 'geiger'
    
    Package suggested but not available for checking: 'phytools'
    
    See section 'The DESCRIPTION file' in the 'Writing R Extensions'
    manual.
Flavor: r-devel-windows-x86_64-gcc10-UCRT