CRAN Package Check Results for Package nilde

Last updated on 2021-09-19 06:49:13 CEST.

Flavor Version Tinstall Tcheck Ttotal Status Flags
r-devel-linux-x86_64-debian-clang 1.1-4 2.77 37.26 40.03 OK
r-devel-linux-x86_64-debian-gcc 1.1-4 2.81 28.01 30.82 OK
r-devel-linux-x86_64-fedora-clang 1.1-4 57.47 OK
r-devel-linux-x86_64-fedora-gcc 1.1-4 46.27 OK
r-devel-windows-x86_64 1.1-4 6.00 54.00 60.00 OK
r-devel-windows-x86_64-gcc10-UCRT 1.1-4 ERROR
r-patched-linux-x86_64 1.1-4 3.24 35.36 38.60 OK
r-patched-solaris-x86 1.1-4 67.80 OK
r-release-linux-x86_64 1.1-4 3.20 35.42 38.62 OK
r-release-macos-arm64 1.1-4 OK
r-release-macos-x86_64 1.1-4 OK
r-release-windows-ix86+x86_64 1.1-4 7.00 44.00 51.00 OK
r-oldrel-macos-x86_64 1.1-4 OK
r-oldrel-windows-ix86+x86_64 1.1-4 6.00 41.00 47.00 OK

Check Details

Version: 1.1-4
Check: whether package can be installed
Result: WARN
    Found the following significant warnings:
     WARNING: installation-time patches will not be applied, could not get the patches index
Flavor: r-devel-windows-x86_64-gcc10-UCRT

Version: 1.1-4
Check: PDF version of manual
Result: WARN
    LaTeX errors when creating PDF version.
    This typically indicates Rd problems.
Flavor: r-devel-windows-x86_64-gcc10-UCRT

Version: 1.1-4
Check: PDF version of manual without hyperrefs or index
Result: ERROR
    Re-running with no redirection of stdout/stderr.
Flavor: r-devel-windows-x86_64-gcc10-UCRT