Last updated on 2025-06-19 01:49:18 CEST.
Flavor | Version | Tinstall | Tcheck | Ttotal | Status | Flags |
---|---|---|---|---|---|---|
r-devel-linux-x86_64-debian-clang | 0.3.6 | 43.31 | 436.24 | 479.55 | OK | |
r-devel-linux-x86_64-debian-gcc | 0.3.6 | 30.81 | 312.48 | 343.29 | OK | |
r-devel-linux-x86_64-fedora-clang | 0.3.6 | 825.93 | OK | |||
r-devel-linux-x86_64-fedora-gcc | 0.3.6 | 807.85 | OK | |||
r-devel-windows-x86_64 | 0.3.6 | 42.00 | 386.00 | 428.00 | OK | |
r-patched-linux-x86_64 | 0.3.6 | 38.74 | 409.21 | 447.95 | OK | |
r-release-linux-x86_64 | 0.3.6 | 43.18 | 406.31 | 449.49 | OK | |
r-release-macos-arm64 | 0.3.6 | 150.00 | OK | |||
r-release-macos-x86_64 | 0.3.6 | 7.00 | ERROR | |||
r-release-windows-x86_64 | 0.3.6 | 41.00 | 387.00 | 428.00 | OK | |
r-oldrel-macos-arm64 | 0.3.6 | 188.00 | OK | |||
r-oldrel-macos-x86_64 | 0.3.6 | 359.00 | OK | |||
r-oldrel-windows-x86_64 | 0.3.6 | 58.00 | 493.00 | 551.00 | OK |
Version: 0.3.6
Check: package dependencies
Result: ERROR
Package required but not available: ‘MLInterfaces’
See section ‘The DESCRIPTION file’ in the ‘Writing R Extensions’
manual.
Flavor: r-release-macos-x86_64