CRAN Package Check Results for Package nlmrt

Last updated on 2021-09-22 06:48:38 CEST.

Flavor Version Tinstall Tcheck Ttotal Status Flags
r-devel-linux-x86_64-debian-clang 2016.3.2 3.86 44.73 48.59 OK
r-devel-linux-x86_64-debian-gcc 2016.3.2 2.80 34.31 37.11 OK
r-devel-linux-x86_64-fedora-clang 2016.3.2 67.04 OK
r-devel-linux-x86_64-fedora-gcc 2016.3.2 55.44 OK
r-devel-windows-x86_64 2016.3.2 8.00 48.00 56.00 OK
r-devel-windows-x86_64-gcc10-UCRT 2016.3.2 ERROR
r-patched-linux-x86_64 2016.3.2 4.03 42.01 46.04 OK
r-patched-solaris-x86 2016.3.2 73.00 OK
r-release-linux-x86_64 2016.3.2 3.90 42.68 46.58 OK
r-release-macos-arm64 2016.3.2 OK
r-release-macos-x86_64 2016.3.2 OK
r-release-windows-ix86+x86_64 2016.3.2 7.00 46.00 53.00 OK
r-oldrel-macos-x86_64 2016.3.2 OK
r-oldrel-windows-ix86+x86_64 2016.3.2 7.00 49.00 56.00 OK

Check Details

Version: 2016.3.2
Check: PDF version of manual
Result: WARN
    LaTeX errors when creating PDF version.
    This typically indicates Rd problems.
Flavor: r-devel-windows-x86_64-gcc10-UCRT

Version: 2016.3.2
Check: PDF version of manual without hyperrefs or index
Result: ERROR
    Re-running with no redirection of stdout/stderr.
Flavor: r-devel-windows-x86_64-gcc10-UCRT