CRAN Package Check Results for Package nlsem

Last updated on 2021-09-22 06:48:38 CEST.

Flavor Version Tinstall Tcheck Ttotal Status Flags
r-devel-linux-x86_64-debian-clang 0.8 6.08 55.45 61.53 OK
r-devel-linux-x86_64-debian-gcc 0.8 5.16 42.02 47.18 OK
r-devel-linux-x86_64-fedora-clang 0.8 82.23 OK
r-devel-linux-x86_64-fedora-gcc 0.8 72.24 OK
r-devel-windows-x86_64 0.8 7.00 57.00 64.00 OK
r-devel-windows-x86_64-gcc10-UCRT 0.8 ERROR
r-patched-linux-x86_64 0.8 7.40 53.72 61.12 OK
r-patched-solaris-x86 0.8 98.80 OK
r-release-linux-x86_64 0.8 6.32 53.38 59.70 OK
r-release-macos-arm64 0.8 OK
r-release-macos-x86_64 0.8 OK
r-release-windows-ix86+x86_64 0.8 13.00 55.00 68.00 OK
r-oldrel-macos-x86_64 0.8 OK
r-oldrel-windows-ix86+x86_64 0.8 12.00 53.00 65.00 OK

Check Details

Version: 0.8
Check: PDF version of manual
Result: WARN
    LaTeX errors when creating PDF version.
    This typically indicates Rd problems.
Flavor: r-devel-windows-x86_64-gcc10-UCRT

Version: 0.8
Check: PDF version of manual without hyperrefs or index
Result: ERROR
    Re-running with no redirection of stdout/stderr.
Flavor: r-devel-windows-x86_64-gcc10-UCRT