CRAN Package Check Results for Package nlsr

Last updated on 2021-09-19 06:49:13 CEST.

Flavor Version Tinstall Tcheck Ttotal Status Flags
r-devel-linux-x86_64-debian-clang 2021.8.19 3.16 83.13 86.29 OK
r-devel-linux-x86_64-debian-gcc 2021.8.19 2.94 63.44 66.38 OK
r-devel-linux-x86_64-fedora-clang 2021.8.19 107.16 OK
r-devel-linux-x86_64-fedora-gcc 2021.8.19 98.25 OK
r-devel-windows-x86_64 2021.8.19 6.00 132.00 138.00 OK
r-devel-windows-x86_64-gcc10-UCRT 2021.8.19 ERROR
r-patched-linux-x86_64 2021.8.19 3.69 81.62 85.31 OK
r-patched-solaris-x86 2021.8.19 99.70 OK
r-release-linux-x86_64 2021.8.19 3.30 80.87 84.17 OK
r-release-macos-arm64 2021.8.19 OK
r-release-macos-x86_64 2021.8.19 OK
r-release-windows-ix86+x86_64 2021.8.19 7.00 91.00 98.00 OK
r-oldrel-macos-x86_64 2021.8.19 OK
r-oldrel-windows-ix86+x86_64 2021.8.19 7.00 87.00 94.00 OK

Check Details

Version: 2021.8.19
Check: whether package can be installed
Result: WARN
    Found the following significant warnings:
     WARNING: installation-time patches will not be applied, could not get the patches index
Flavor: r-devel-windows-x86_64-gcc10-UCRT

Version: 2021.8.19
Check: PDF version of manual
Result: WARN
    LaTeX errors when creating PDF version.
    This typically indicates Rd problems.
Flavor: r-devel-windows-x86_64-gcc10-UCRT

Version: 2021.8.19
Check: PDF version of manual without hyperrefs or index
Result: ERROR
    Re-running with no redirection of stdout/stderr.
Flavor: r-devel-windows-x86_64-gcc10-UCRT