CRAN Package Check Results for Package nmslibR

Last updated on 2021-09-21 06:48:37 CEST.

Flavor Version Tinstall Tcheck Ttotal Status Flags
r-devel-linux-x86_64-debian-clang 1.0.6 35.88 69.59 105.47 OK
r-devel-linux-x86_64-debian-gcc 1.0.6 25.36 53.83 79.19 OK
r-devel-linux-x86_64-fedora-clang 1.0.6 144.86 OK
r-devel-linux-x86_64-fedora-gcc 1.0.6 127.60 OK
r-devel-windows-x86_64 1.0.6 37.00 82.00 119.00 OK
r-devel-windows-x86_64-gcc10-UCRT 1.0.6 ERROR
r-patched-linux-x86_64 1.0.6 32.11 67.00 99.11 OK
r-patched-solaris-x86 1.0.6 169.50 OK
r-release-linux-x86_64 1.0.6 28.30 67.12 95.42 OK
r-release-macos-arm64 1.0.6 OK
r-release-macos-x86_64 1.0.6 OK
r-release-windows-ix86+x86_64 1.0.6 79.00 117.00 196.00 NOTE
r-oldrel-macos-x86_64 1.0.6 OK
r-oldrel-windows-ix86+x86_64 1.0.6 88.00 137.00 225.00 NOTE

Check Details

Version: 1.0.6
Check: whether package can be installed
Result: ERROR
    Installation failed.
Flavor: r-devel-windows-x86_64-gcc10-UCRT

Version: 1.0.6
Check: installed package size
Result: NOTE
     installed size is 5.3Mb
     sub-directories of 1Mb or more:
     libs 2.2Mb
Flavors: r-release-windows-ix86+x86_64, r-oldrel-windows-ix86+x86_64