CRAN Package Check Results for Package noisyr

Last updated on 2021-09-19 06:49:13 CEST.

Flavor Version Tinstall Tcheck Ttotal Status Flags
r-devel-linux-x86_64-debian-clang 1.0.0 4.29 219.30 223.59 OK
r-devel-linux-x86_64-debian-gcc 1.0.0 3.56 165.91 169.47 OK
r-devel-linux-x86_64-fedora-clang 1.0.0 267.21 OK
r-devel-linux-x86_64-fedora-gcc 1.0.0 262.85 OK
r-devel-windows-x86_64 1.0.0 6.00 298.00 304.00 OK
r-devel-windows-x86_64-gcc10-UCRT 1.0.0 ERROR
r-patched-linux-x86_64 1.0.0 4.61 211.97 216.58 OK
r-patched-solaris-x86 1.0.0 446.20 OK
r-release-linux-x86_64 1.0.0 3.86 211.47 215.33 OK
r-release-macos-arm64 1.0.0 OK
r-release-macos-x86_64 1.0.0 OK
r-release-windows-ix86+x86_64 1.0.0 9.00 208.00 217.00 OK
r-oldrel-macos-x86_64 1.0.0 OK
r-oldrel-windows-ix86+x86_64 1.0.0 9.00 215.00 224.00 OK

Check Details

Version: 1.0.0
Check: whether package can be installed
Result: WARN
    Found the following significant warnings:
     WARNING: installation-time patches will not be applied, could not get the patches index
Flavor: r-devel-windows-x86_64-gcc10-UCRT

Version: 1.0.0
Check: PDF version of manual
Result: WARN
    LaTeX errors when creating PDF version.
    This typically indicates Rd problems.
Flavor: r-devel-windows-x86_64-gcc10-UCRT

Version: 1.0.0
Check: PDF version of manual without hyperrefs or index
Result: ERROR
    Re-running with no redirection of stdout/stderr.
Flavor: r-devel-windows-x86_64-gcc10-UCRT