CRAN Package Check Results for Package nonnest2

Last updated on 2021-09-18 09:53:31 CEST.

Flavor Version Tinstall Tcheck Ttotal Status Flags
r-devel-linux-x86_64-debian-clang 0.5-5 3.56 58.70 62.26 NOTE
r-devel-linux-x86_64-debian-gcc 0.5-5 3.03 45.07 48.10 NOTE
r-devel-linux-x86_64-fedora-clang 0.5-5 83.06 NOTE
r-devel-linux-x86_64-fedora-gcc 0.5-5 72.84 NOTE
r-devel-windows-x86_64 0.5-5 5.00 92.00 97.00 NOTE
r-devel-windows-x86_64-gcc10-UCRT 0.5-5 NOTE
r-patched-linux-x86_64 0.5-5 3.99 55.68 59.67 NOTE
r-patched-solaris-x86 0.5-5 104.40 NOTE
r-release-linux-x86_64 0.5-5 3.68 55.60 59.28 NOTE
r-release-macos-arm64 0.5-5 NOTE
r-release-macos-x86_64 0.5-5 NOTE
r-release-windows-ix86+x86_64 0.5-5 9.00 65.00 74.00 NOTE
r-oldrel-macos-x86_64 0.5-5 OK
r-oldrel-windows-ix86+x86_64 0.5-5 11.00 60.00 71.00 OK

Check Details

Version: 0.5-5
Check: LazyData
Result: NOTE
     'LazyData' is specified without a 'data' directory
Flavors: r-devel-linux-x86_64-debian-clang, r-devel-linux-x86_64-debian-gcc, r-devel-linux-x86_64-fedora-clang, r-devel-linux-x86_64-fedora-gcc, r-devel-windows-x86_64, r-devel-windows-x86_64-gcc10-UCRT, r-patched-linux-x86_64, r-patched-solaris-x86, r-release-linux-x86_64, r-release-macos-arm64, r-release-macos-x86_64, r-release-windows-ix86+x86_64