CRAN Package Check Results for Package norm2

Last updated on 2021-09-25 06:49:27 CEST.

Flavor Version Tinstall Tcheck Ttotal Status Flags
r-devel-linux-x86_64-debian-clang 2.0.4 13.70 40.60 54.30 OK
r-devel-linux-x86_64-debian-gcc 2.0.4 10.67 30.91 41.58 OK
r-devel-linux-x86_64-fedora-clang 2.0.4 78.13 NOTE
r-devel-linux-x86_64-fedora-gcc 2.0.4 66.90 NOTE
r-devel-windows-x86_64 2.0.4 16.00 43.00 59.00 OK
r-devel-windows-x86_64-gcc10-UCRT 2.0.4 OK
r-patched-linux-x86_64 2.0.4 14.02 38.82 52.84 OK
r-patched-solaris-x86 2.0.4 99.80 OK
r-release-linux-x86_64 2.0.4 12.35 39.00 51.35 OK
r-release-macos-arm64 2.0.4 OK
r-release-macos-x86_64 2.0.4 OK
r-release-windows-ix86+x86_64 2.0.4 38.00 55.00 93.00 OK
r-oldrel-macos-x86_64 2.0.4 OK
r-oldrel-windows-ix86+x86_64 2.0.4 58.00 68.00 126.00 OK

Check Details

Version: 2.0.4
Check: compiled code
Result: NOTE
    File ‘norm2/libs/norm2.so’:
     Found no calls to: ‘R_registerRoutines’, ‘R_useDynamicSymbols’
    
    It is good practice to register native routines and to disable symbol
    search.
    
    See ‘Writing portable packages’ in the ‘Writing R Extensions’ manual.
Flavors: r-devel-linux-x86_64-fedora-clang, r-devel-linux-x86_64-fedora-gcc