CRAN Package Check Results for Package normalp

Last updated on 2021-09-22 06:48:38 CEST.

Flavor Version Tinstall Tcheck Ttotal Status Flags
r-devel-linux-x86_64-debian-clang 0.7.2 2.94 27.29 30.23 OK
r-devel-linux-x86_64-debian-gcc 0.7.2 2.50 21.04 23.54 OK
r-devel-linux-x86_64-fedora-clang 0.7.2 45.81 OK
r-devel-linux-x86_64-fedora-gcc 0.7.2 35.10 OK
r-devel-windows-x86_64 0.7.2 4.00 29.00 33.00 OK
r-devel-windows-x86_64-gcc10-UCRT 0.7.2 ERROR
r-patched-linux-x86_64 0.7.2 3.04 26.28 29.32 OK
r-patched-solaris-x86 0.7.2 52.20 OK
r-release-linux-x86_64 0.7.2 2.66 26.34 29.00 OK
r-release-macos-arm64 0.7.2 OK
r-release-macos-x86_64 0.7.2 OK
r-release-windows-ix86+x86_64 0.7.2 7.00 30.00 37.00 OK
r-oldrel-macos-x86_64 0.7.2 OK
r-oldrel-windows-ix86+x86_64 0.7.2 6.00 29.00 35.00 OK

Check Details

Version: 0.7.2
Check: PDF version of manual
Result: WARN
    LaTeX errors when creating PDF version.
    This typically indicates Rd problems.
Flavor: r-devel-windows-x86_64-gcc10-UCRT

Version: 0.7.2
Check: PDF version of manual without hyperrefs or index
Result: ERROR
    Re-running with no redirection of stdout/stderr.
Flavor: r-devel-windows-x86_64-gcc10-UCRT