CRAN Package Check Results for Package nycflights13

Last updated on 2021-10-22 12:59:22 CEST.

Flavor Version Tinstall Tcheck Ttotal Status Flags
r-devel-linux-x86_64-debian-clang 1.0.2 18.67 53.13 71.80 OK
r-devel-linux-x86_64-debian-gcc 1.0.2 16.91 43.63 60.54 OK
r-devel-linux-x86_64-fedora-clang 1.0.2 101.86 OK
r-devel-linux-x86_64-fedora-gcc 1.0.2 91.54 OK
r-devel-windows-x86_64 1.0.2 30.00 82.00 112.00 OK
r-devel-windows-x86_64-gcc10-UCRT 1.0.2 OK
r-patched-linux-x86_64 1.0.2 19.88 52.44 72.32 OK
r-patched-solaris-x86 1.0.2 153.20 OK
r-release-linux-x86_64 1.0.2 18.32 51.15 69.47 OK
r-release-macos-arm64 1.0.2 NOTE
r-release-macos-x86_64 1.0.2 OK
r-release-windows-ix86+x86_64 1.0.2 20.00 75.00 95.00 OK
r-oldrel-macos-x86_64 1.0.2 OK
r-oldrel-windows-ix86+x86_64 1.0.2 30.00 75.00 105.00 OK

Check Details

Version: 1.0.2
Check: installed package size
Result: NOTE
     installed size is 5.1Mb
     sub-directories of 1Mb or more:
     data 5.0Mb
Flavor: r-release-macos-arm64