CRAN Package Check Results for Package obliqueRSF

Last updated on 2021-10-21 12:58:09 CEST.

Flavor Version Tinstall Tcheck Ttotal Status Flags
r-devel-linux-x86_64-debian-clang 0.1.1 47.64 104.50 152.14 NOTE
r-devel-linux-x86_64-debian-gcc 0.1.1 37.78 78.58 116.36 NOTE
r-devel-linux-x86_64-fedora-clang 0.1.1 210.57 NOTE
r-devel-linux-x86_64-fedora-gcc 0.1.1 189.72 NOTE
r-devel-windows-x86_64 0.1.1 66.00 149.00 215.00 NOTE
r-devel-windows-x86_64-gcc10-UCRT 0.1.1 NOTE
r-patched-linux-x86_64 0.1.1 45.67 96.95 142.62 NOTE
r-patched-solaris-x86 0.1.1 236.50 NOTE
r-release-linux-x86_64 0.1.1 44.98 97.41 142.39 NOTE
r-release-macos-arm64 0.1.1 NOTE
r-release-macos-x86_64 0.1.1 NOTE
r-release-windows-ix86+x86_64 0.1.1 108.00 180.00 288.00 NOTE
r-oldrel-macos-x86_64 0.1.1 OK
r-oldrel-windows-ix86+x86_64 0.1.1 120.00 187.00 307.00 OK

Check Details

Version: 0.1.1
Check: LazyData
Result: NOTE
     'LazyData' is specified without a 'data' directory
Flavors: r-devel-linux-x86_64-debian-clang, r-devel-linux-x86_64-debian-gcc, r-devel-linux-x86_64-fedora-clang, r-devel-linux-x86_64-fedora-gcc, r-devel-windows-x86_64, r-devel-windows-x86_64-gcc10-UCRT, r-patched-linux-x86_64, r-patched-solaris-x86, r-release-linux-x86_64, r-release-macos-arm64, r-release-macos-x86_64, r-release-windows-ix86+x86_64