CRAN Package Check Results for Package ompr

Last updated on 2021-09-28 06:48:31 CEST.

Flavor Version Tinstall Tcheck Ttotal Status Flags
r-devel-linux-x86_64-debian-clang 0.8.1 34.26 61.13 95.39 NOTE
r-devel-linux-x86_64-debian-gcc 0.8.1 21.07 43.03 64.10 NOTE
r-devel-linux-x86_64-fedora-clang 0.8.1 130.13 NOTE
r-devel-linux-x86_64-fedora-gcc 0.8.1 109.44 NOTE
r-devel-windows-x86_64 0.8.1 32.00 60.00 92.00 NOTE
r-devel-windows-x86_64-gcc10-UCRT 0.8.1 NOTE
r-patched-linux-x86_64 0.8.1 25.13 54.17 79.30 NOTE
r-patched-solaris-x86 0.8.1 133.80 NOTE
r-release-linux-x86_64 0.8.1 26.87 54.22 81.09 NOTE
r-release-macos-arm64 0.8.1 NOTE
r-release-macos-x86_64 0.8.1 NOTE
r-release-windows-ix86+x86_64 0.8.1 72.00 83.00 155.00 NOTE
r-oldrel-macos-x86_64 0.8.1 OK
r-oldrel-windows-ix86+x86_64 0.8.1 51.00 87.00 138.00 OK

Check Details

Version: 0.8.1
Check: LazyData
Result: NOTE
     'LazyData' is specified without a 'data' directory
Flavors: r-devel-linux-x86_64-debian-clang, r-devel-linux-x86_64-debian-gcc, r-devel-linux-x86_64-fedora-clang, r-devel-linux-x86_64-fedora-gcc, r-devel-windows-x86_64, r-devel-windows-x86_64-gcc10-UCRT, r-patched-linux-x86_64, r-patched-solaris-x86, r-release-linux-x86_64, r-release-macos-arm64, r-release-macos-x86_64, r-release-windows-ix86+x86_64