CRAN Package Check Results for Package onls

Last updated on 2021-09-24 06:48:35 CEST.

Flavor Version Tinstall Tcheck Ttotal Status Flags
r-devel-linux-x86_64-debian-clang 0.1-1 3.31 46.33 49.64 NOTE
r-devel-linux-x86_64-debian-gcc 0.1-1 2.49 33.01 35.50 NOTE
r-devel-linux-x86_64-fedora-clang 0.1-1 100.26 NOTE
r-devel-linux-x86_64-fedora-gcc 0.1-1 53.66 NOTE
r-devel-windows-x86_64 0.1-1 4.00 50.00 54.00 NOTE
r-devel-windows-x86_64-gcc10-UCRT 0.1-1 NOTE
r-patched-linux-x86_64 0.1-1 4.33 42.75 47.08 NOTE
r-patched-solaris-x86 0.1-1 73.70 NOTE
r-release-linux-x86_64 0.1-1 3.34 72.99 76.33 NOTE
r-release-macos-arm64 0.1-1 NOTE
r-release-macos-x86_64 0.1-1 NOTE
r-release-windows-ix86+x86_64 0.1-1 6.00 50.00 56.00 NOTE
r-oldrel-macos-x86_64 0.1-1 OK
r-oldrel-windows-ix86+x86_64 0.1-1 5.00 51.00 56.00 OK

Check Details

Version: 0.1-1
Check: LazyData
Result: NOTE
     'LazyData' is specified without a 'data' directory
Flavors: r-devel-linux-x86_64-debian-clang, r-devel-linux-x86_64-debian-gcc, r-devel-linux-x86_64-fedora-clang, r-devel-linux-x86_64-fedora-gcc, r-devel-windows-x86_64, r-devel-windows-x86_64-gcc10-UCRT, r-patched-linux-x86_64, r-patched-solaris-x86, r-release-linux-x86_64, r-release-macos-arm64, r-release-macos-x86_64, r-release-windows-ix86+x86_64