Last updated on 2023-06-01 02:53:55 CEST.
Flavor | Version | Tinstall | Tcheck | Ttotal | Status | Flags |
---|---|---|---|---|---|---|
r-devel-linux-x86_64-debian-clang | 1.0.0 | 14.26 | 109.88 | 124.14 | NOTE | |
r-devel-linux-x86_64-debian-gcc | 1.0.0 | 10.54 | 82.91 | 93.45 | NOTE | |
r-devel-linux-x86_64-fedora-clang | 1.0.0 | 152.17 | NOTE | |||
r-devel-linux-x86_64-fedora-gcc | 1.0.0 | 155.15 | NOTE | |||
r-devel-windows-x86_64 | 1.0.0 | 13.00 | 93.00 | 106.00 | NOTE | |
r-patched-linux-x86_64 | 1.0.0 | NOTE | ||||
r-release-linux-x86_64 | 1.0.0 | 8.63 | 102.19 | 110.82 | NOTE | |
r-release-macos-arm64 | 1.0.0 | 49.00 | NOTE | |||
r-release-macos-x86_64 | 1.0.0 | 75.00 | NOTE | |||
r-release-windows-x86_64 | 1.0.0 | 16.00 | 113.00 | 129.00 | NOTE | |
r-oldrel-macos-arm64 | 1.0.0 | 37.00 | NOTE | |||
r-oldrel-macos-x86_64 | 1.0.0 | 72.00 | NOTE | |||
r-oldrel-windows-x86_64 | 1.0.0 | 17.00 | 110.00 | 127.00 | NOTE |
Version: 1.0.0
Check: LazyData
Result: NOTE
'LazyData' is specified without a 'data' directory
Flavors: r-devel-linux-x86_64-debian-clang, r-devel-linux-x86_64-debian-gcc, r-devel-linux-x86_64-fedora-clang, r-devel-linux-x86_64-fedora-gcc, r-devel-windows-x86_64, r-patched-linux-x86_64, r-release-linux-x86_64, r-release-macos-arm64, r-release-macos-x86_64, r-release-windows-x86_64, r-oldrel-macos-arm64, r-oldrel-macos-x86_64, r-oldrel-windows-x86_64