CRAN Package Check Results for Package oppr

Last updated on 2021-09-21 06:48:39 CEST.

Flavor Version Tinstall Tcheck Ttotal Status Flags
r-devel-linux-x86_64-debian-clang 1.0.3 255.82 156.83 412.65 NOTE
r-devel-linux-x86_64-debian-gcc 1.0.3 169.40 117.35 286.75 NOTE
r-devel-linux-x86_64-fedora-clang 1.0.3 567.90 NOTE
r-devel-linux-x86_64-fedora-gcc 1.0.3 508.97 NOTE
r-devel-windows-x86_64 1.0.3 253.00 149.00 402.00 NOTE
r-devel-windows-x86_64-gcc10-UCRT 1.0.3 ERROR
r-patched-linux-x86_64 1.0.3 211.73 146.67 358.40 NOTE
r-patched-solaris-x86 1.0.3 520.00 NOTE
r-release-linux-x86_64 1.0.3 191.24 147.27 338.51 NOTE
r-release-macos-arm64 1.0.3 NOTE
r-release-macos-x86_64 1.0.3 NOTE
r-release-windows-ix86+x86_64 1.0.3 573.00 226.00 799.00 NOTE
r-oldrel-macos-x86_64 1.0.3 NOTE
r-oldrel-windows-ix86+x86_64 1.0.3 579.00 230.00 809.00 NOTE

Check Details

Version: 1.0.3
Check: package dependencies
Result: NOTE
    Package suggested but not available for checking: 'gurobi'
Flavors: r-devel-linux-x86_64-debian-clang, r-devel-linux-x86_64-debian-gcc, r-devel-linux-x86_64-fedora-clang, r-devel-linux-x86_64-fedora-gcc, r-devel-windows-x86_64, r-devel-windows-x86_64-gcc10-UCRT, r-patched-linux-x86_64, r-release-linux-x86_64, r-release-windows-ix86+x86_64, r-oldrel-windows-ix86+x86_64

Version: 1.0.3
Check: installed package size
Result: NOTE
     installed size is 8.1Mb
     sub-directories of 1Mb or more:
     libs 6.4Mb
Flavors: r-devel-linux-x86_64-fedora-clang, r-release-macos-arm64, r-release-macos-x86_64, r-oldrel-macos-x86_64

Version: 1.0.3
Check: whether package can be installed
Result: ERROR
    Installation failed.
Flavor: r-devel-windows-x86_64-gcc10-UCRT

Version: 1.0.3
Check: package dependencies
Result: NOTE
    Packages suggested but not available for checking:
     'gurobi', 'Rsymphony', 'lpsymphony'
Flavor: r-patched-solaris-x86

Version: 1.0.3
Check: package dependencies
Result: NOTE
    Packages suggested but not available for checking:
     'gurobi', 'ggtree', 'Rsymphony', 'lpsymphony'
Flavor: r-release-macos-arm64

Version: 1.0.3
Check: Rd cross-references
Result: NOTE
    Package unavailable to check Rd xrefs: ‘ggtree’
Flavors: r-release-macos-arm64, r-release-macos-x86_64, r-oldrel-macos-x86_64

Version: 1.0.3
Check: package dependencies
Result: NOTE
    Packages suggested but not available for checking:
     'gurobi', 'ggtree', 'lpsymphony'
Flavors: r-release-macos-x86_64, r-oldrel-macos-x86_64