CRAN Package Check Results for Package ordinal

Last updated on 2024-07-25 01:55:44 CEST.

Flavor Version Tinstall Tcheck Ttotal Status Flags
r-devel-linux-x86_64-debian-clang 2023.12-4 22.89 276.20 299.09 OK
r-devel-linux-x86_64-debian-gcc 2023.12-4 17.06 201.68 218.74 NOTE
r-devel-linux-x86_64-fedora-clang 2023.12-4 384.23 OK
r-devel-linux-x86_64-fedora-gcc 2023.12-4 355.01 OK
r-devel-windows-x86_64 2023.12-4 20.00 250.00 270.00 NOTE
r-patched-linux-x86_64 2023.12-4 24.09 263.39 287.48 OK
r-release-linux-x86_64 2023.12-4 22.44 257.57 280.01 OK
r-release-macos-arm64 2023.12-4 108.00 OK
r-release-macos-x86_64 2023.12-4 198.00 OK
r-release-windows-x86_64 2023.12-4 20.00 251.00 271.00 OK
r-oldrel-macos-arm64 2023.12-4 121.00 OK
r-oldrel-macos-x86_64 2023.12-4 318.00 OK
r-oldrel-windows-x86_64 2023.12-4 25.00 293.00 318.00 OK

Check Details

Version: 2023.12-4
Check: Rd cross-references
Result: NOTE Found the following Rd file(s) with Rd \link{} targets missing package anchors: addtermOld.Rd: addterm.default, dropterm.default clm.Rd: dropterm, stepAIC clm.control.Rd: ucminf ordinal-package.Rd: Matrix Please provide package anchors for all Rd \link{} targets not in the package itself and the base packages. Flavors: r-devel-linux-x86_64-debian-gcc, r-devel-windows-x86_64