CRAN Package Check Results for Package orthogonalsplinebasis

Last updated on 2021-10-27 02:52:43 CEST.

Flavor Version Tinstall Tcheck Ttotal Status Flags
r-devel-linux-x86_64-debian-clang 0.1.6 4.02 27.32 31.34 NOTE
r-devel-linux-x86_64-debian-gcc 0.1.6 2.48 21.37 23.85 NOTE
r-devel-linux-x86_64-fedora-clang 0.1.6 47.92 NOTE
r-devel-linux-x86_64-fedora-gcc 0.1.6 37.71 NOTE
r-devel-windows-x86_64 0.1.6 8.00 50.00 58.00 NOTE
r-devel-windows-x86_64-gcc10-UCRT 0.1.6 NOTE
r-patched-linux-x86_64 0.1.6 3.46 26.41 29.87 NOTE
r-patched-solaris-x86 0.1.6 58.20 NOTE
r-release-linux-x86_64 0.1.6 3.14 26.45 29.59 NOTE
r-release-macos-arm64 0.1.6 NOTE
r-release-macos-x86_64 0.1.6 NOTE
r-release-windows-ix86+x86_64 0.1.6 10.00 35.00 45.00 NOTE
r-oldrel-macos-x86_64 0.1.6 NOTE
r-oldrel-windows-ix86+x86_64 0.1.6 8.00 32.00 40.00 NOTE

Check Details

Version: 0.1.6
Check: R code for possible problems
Result: NOTE
    plot.SplineBasis: no visible global function definition for 'matplot'
    plot,SplineBasis-matrix: no visible global function definition for
     'matplot'
    plot,SplineBasis-missing: no visible global function definition for
     'matplot'
    Undefined global functions or variables:
     matplot
    Consider adding
     importFrom("graphics", "matplot")
    to your NAMESPACE file.
Flavors: r-devel-linux-x86_64-debian-clang, r-devel-linux-x86_64-debian-gcc, r-devel-linux-x86_64-fedora-clang, r-devel-linux-x86_64-fedora-gcc, r-devel-windows-x86_64, r-devel-windows-x86_64-gcc10-UCRT, r-patched-linux-x86_64, r-patched-solaris-x86, r-release-linux-x86_64, r-release-macos-arm64, r-release-macos-x86_64, r-release-windows-ix86+x86_64, r-oldrel-macos-x86_64, r-oldrel-windows-ix86+x86_64