CRAN Package Check Results for Package oshka

Last updated on 2022-08-10 01:49:15 CEST.

Flavor Version Tinstall Tcheck Ttotal Status Flags
r-devel-linux-x86_64-debian-clang 0.1.2 1.98 33.40 35.38 NOTE
r-devel-linux-x86_64-debian-gcc 0.1.2 1.67 25.47 27.14 NOTE
r-devel-linux-x86_64-fedora-clang 0.1.2 53.17 NOTE
r-devel-linux-x86_64-fedora-gcc 0.1.2 51.57 NOTE
r-devel-windows-x86_64 0.1.2 11.00 63.00 74.00 NOTE
r-patched-linux-x86_64 0.1.2 1.87 31.88 33.75 NOTE
r-release-linux-x86_64 0.1.2 NOTE
r-release-macos-arm64 0.1.2 20.00 NOTE
r-release-macos-x86_64 0.1.2 27.00 NOTE
r-release-windows-x86_64 0.1.2 10.00 63.00 73.00 NOTE
r-oldrel-macos-arm64 0.1.2 21.00 NOTE
r-oldrel-macos-x86_64 0.1.2 27.00 NOTE
r-oldrel-windows-ix86+x86_64 0.1.2 5.00 52.00 57.00 NOTE

Check Details

Version: 0.1.2
Check: LazyData
Result: NOTE
     'LazyData' is specified without a 'data' directory
Flavors: r-devel-linux-x86_64-debian-clang, r-devel-linux-x86_64-debian-gcc, r-devel-linux-x86_64-fedora-clang, r-devel-linux-x86_64-fedora-gcc, r-devel-windows-x86_64, r-patched-linux-x86_64, r-release-linux-x86_64, r-release-macos-arm64, r-release-macos-x86_64, r-release-windows-x86_64, r-oldrel-macos-arm64, r-oldrel-macos-x86_64, r-oldrel-windows-ix86+x86_64