CRAN Package Check Results for Package osmplotr

Last updated on 2021-10-22 12:59:22 CEST.

Flavor Version Tinstall Tcheck Ttotal Status Flags
r-devel-linux-x86_64-debian-clang 0.3.3 13.70 225.42 239.12 OK
r-devel-linux-x86_64-debian-gcc 0.3.3 10.19 162.10 172.29 OK
r-devel-linux-x86_64-fedora-clang 0.3.3 293.57 NOTE
r-devel-linux-x86_64-fedora-gcc 0.3.3 280.82 OK
r-devel-windows-x86_64 0.3.3 26.00 289.00 315.00 NOTE
r-devel-windows-x86_64-gcc10-UCRT 0.3.3 ERROR
r-patched-linux-x86_64 0.3.3 13.61 217.75 231.36 OK
r-patched-solaris-x86 0.3.3 253.60 NOTE
r-release-linux-x86_64 0.3.3 11.49 216.09 227.58 OK
r-release-macos-arm64 0.3.3 NOTE
r-release-macos-x86_64 0.3.3 NOTE
r-release-windows-ix86+x86_64 0.3.3 33.00 280.00 313.00 NOTE
r-oldrel-macos-x86_64 0.3.3 NOTE
r-oldrel-windows-ix86+x86_64 0.3.3 33.00 277.00 310.00 NOTE

Check Details

Version: 0.3.3
Check: installed package size
Result: NOTE
     installed size is 9.2Mb
     sub-directories of 1Mb or more:
     doc 7.8Mb
Flavors: r-devel-linux-x86_64-fedora-clang, r-devel-windows-x86_64, r-patched-solaris-x86, r-release-macos-arm64, r-release-macos-x86_64, r-release-windows-ix86+x86_64, r-oldrel-macos-x86_64, r-oldrel-windows-ix86+x86_64

Version: 0.3.3
Check: package dependencies
Result: ERROR
    Package required but not available: 'ggm'
    
    See section 'The DESCRIPTION file' in the 'Writing R Extensions'
    manual.
Flavor: r-devel-windows-x86_64-gcc10-UCRT